NOAA-style Climate Reports

   V/Λ SELECT: Month and Year   OR  >   Month
                   Monthly Climatological Summary for Feb 2012

Name: Wetterstation Bebra-Gilfershausen   City: Bebra   State: Hessen,Germany
Elevation: 250 m  Lat: N 50° 59' 02"   Lon: E 009° 49' 37"

                  Temperature (°C), Rain (mm), Wind Speed (km/h)

                                      Heat  Cool        Avg
    Mean                              Deg   Deg         Wind                 Dom
Day Temp  High   Time   Low    Time   Days  Days  Rain  Speed High   Time    Dir
----------------------------------------------------------------------------------
 1  -8,7  -5,9   15:02 -10,1   06:35  26,7   0,0   1,0   6,6 180,0   12:13     N
 2 -11,1  -8,1   14:01 -14,2   23:40  29,1   0,0   0,0   4,0  27,0   01:40     N
 3 -11,4  -5,2   14:29 -15,9   07:37  29,4   0,0   0,0   0,8   9,0   11:14   ESE
 4 -11,3  -7,1   13:56 -15,5   07:43  29,3   0,0   0,0   0,5   6,0   11:54     N
 5 -11,8  -6,7   14:35 -16,0   08:08  29,8   0,0   0,0   0,7  10,0   14:25     E
 6 -13,5  -8,7   14:13 -17,4   23:58  31,5   0,0   0,0   0,8  12,0   14:24     N
 7 -12,7  -8,1   17:53 -17,9   01:53  30,7   0,0   0,0   2,4  15,0   13:55     N
 8  -8,4  -6,4   14:09 -12,1   23:53  26,4   0,0   0,0   4,3  22,0   10:00   NNE
 9  -8,0  -2,8   14:49 -13,8   04:53  26,0   0,0   0,0   2,0  27,0   15:16    NE
10  -8,9  -4,5   00:00 -15,1   23:59  26,9   0,0   0,0   2,8  19,0   00:08     N
11 -11,1  -7,4   15:39 -15,4   00:48  29,1   0,0   0,0   2,0  20,0   12:20   NNE
12  -8,9  -2,6   16:30 -15,9   04:49  26,9   0,0   0,0   0,8  10,0   13:06    SE
13  -2,3  -0,8   14:51  -3,8   08:19  20,3   0,0   0,0   1,5  10,0   11:49   SSE
14  -0,2   1,6   13:05  -1,9   03:10  18,2   0,0   1,6   1,5  12,0   14:26   SSE
15   2,1   4,0   14:46   0,7   00:00  15,9   0,0   7,3   2,9  18,0   03:22   ESE
16   1,5   5,1   14:48  -3,1   07:50  16,5   0,0   0,5   1,0  11,0   16:22    SE
17   4,0   7,4   13:56   2,3   00:01  14,0   0,0   1,0   1,2  19,0   14:02   SSE
18   3,9   5,1   13:54   2,0   01:41  14,1   0,0   0,5   3,2  21,0   14:06   SSE
19   3,3   6,1   14:41  -0,6   23:44  14,9   0,0   3,1   2,4  19,0   16:31   ESE
20   0,2   3,8   15:24  -2,9   23:19  17,8   0,0   0,0   1,3  14,0   16:19   ESE
21   0,6   3,6   12:43  -3,6   01:32  17,4   0,0   0,0   2,7  19,0   10:52   SSE
22   3,5   8,6   15:01  -0,7   06:51  14,5   0,0   0,0   3,0  24,0   15:08   SSE
23   4,8   6,4   16:20   3,1   00:00  13,2   0,0   0,0   3,8  22,0   00:59     S
24   7,3   9,1   20:26   5,3   03:35  10,7   0,0   0,0   3,5  20,0   05:20   SSE
25   5,1   9,4   13:05  -0,2   07:34  12,9   0,0   0,0   1,3  20,0   10:52   ESE
26   3,6   7,3   15:08  -1,3   23:53  14,4   0,0   0,5   0,7  12,0   14:51    NE
27   2,7   7,2   14:23  -1,5   00:02  15,2   0,0   0,5   1,3  16,0   13:53   SSE
28   6,4   9,1   16:12   4,0   00:02  11,6   0,0   0,5   1,0  11,0   10:53   SSE
29   8,4  11,3   16:12   6,6   00:39   9,6   0,0   1,0   0,2   6,0   12:01    SE
----------------------------------------------------------------------------------
    -2,4  11,3    29   -17,9     7   593,0   0,0  17,5   2,1 180,0     1       E

Max >=  27,0:  0
Max <=   0,0: 13
Min <=   0,0: 22
Min <= -18,0:  0
Max Rain: 7,3 on day 15
Days of Rain: 11 (>= 0,2 mm)  2 (>= 2,0 mm)  0 (>= 20,0 mm)
Heat Base: 18,0  Cool Base: 29,0  Method: Integration

powered by CumulusMX v3.8.3 (b3093) Valid HTML5    Last Cumulus update   09:17:19