NOAA-style Climate Reports

   V/Λ SELECT: Month and Year   OR  >   Month
                   Monthly Climatological Summary for Jan 2012

Name: Wetterstation Bebra-Gilfershausen   City: Bebra   State: Hessen,Germany
Elevation: 250 m  Lat: N 50° 59' 02"   Lon: E 009° 49' 37"

                  Temperature (°C), Rain (mm), Wind Speed (km/h)

                                      Heat  Cool        Avg
    Mean                              Deg   Deg         Wind                 Dom
Day Temp  High   Time   Low    Time   Days  Days  Rain  Speed High   Time    Dir
----------------------------------------------------------------------------------
 1   8,3  11,2   23:58   4,1   00:00   9,9   0,0   1,5   2,4  24,0   19:52   SSE
 2   8,0  11,4   03:07   3,1   23:49  10,0   0,0   8,8   2,7  23,0   01:33    SE
 3   4,9   8,5   20:56   1,4   01:49  13,1   0,0   4,1   9,6  50,0   19:42    SE
 4   4,7   6,4   00:00   3,1   08:06  13,3   0,0   1,0   4,6  30,0   23:55   SSE
 5   3,9   6,2   08:49   1,5   10:10  14,1   0,0  17,1   6,7  37,0   01:51   SSE
 6   3,4   5,3   14:49   0,4   23:17  14,6   0,0   3,6   2,4  28,0   04:33   ESE
 7   3,6   5,8   15:04   0,7   00:00  14,4   0,0   2,6   2,4  17,0   10:34   SSE
 8   4,0   5,1   14:44   2,8   08:15  14,0   0,0   4,1   1,6  11,0   09:49    SE
 9   4,1   5,6   23:23   2,6   07:58  13,9   0,0   2,6   1,2  14,0   12:32   SSE
10   5,3   7,3   14:05   2,6   09:46  12,7   0,0   0,5   0,7  12,0   05:57   ESE
11   6,3   7,9   13:24   4,6   00:00  11,7   0,0   0,0   1,6  18,0   11:56   SSE
12   6,7   8,6   13:00   4,2   21:08  11,3   0,0   2,1   4,3  32,0   14:43   SSE
13   3,7   4,6   00:00   2,8   13:26  14,3   0,0   1,0   3,2  25,0   23:34    SE
14   2,1   3,9   14:42  -1,6   23:42  15,9   0,0   0,5   1,2  14,0   14:23    NE
15  -2,3   1,6   13:27  -4,4   08:42  20,2   0,0   0,0   0,3   8,0   11:51     E
16  -2,8   0,9   14:58  -5,3   07:12  20,8   0,0   0,0   0,2   5,0   13:19    SE
17  -3,0   1,4   15:08  -5,7   04:27  21,0   0,0   0,0   0,6   8,0   13:44   ESE
18  -1,8   1,4   23:34  -4,1   00:00  13,7   0,0   4,1   1,4  15,0   22:59   SSE
19   3,0   6,0   16:37   0,9   23:35  15,5   0,0  15,0   2,1  20,0   04:55    SE
20   2,0   4,2   14:00   0,6   20:49  16,0   0,0   2,1   1,7  16,0   11:13    SE
21   2,2   4,9   18:09   0,5   05:04  15,8   0,0   9,3   2,2  20,0   10:03   SSE
22   4,1   6,1   21:40   3,0   03:47  13,9   0,0   1,6   4,2  24,0   22:02   SSE
23   3,6   5,6   14:21   1,1   23:57  14,4   0,0   1,0   1,8  14,0   15:36    SE
24   1,7   4,1   14:26  -0,7   23:50  16,3   0,0   2,1   0,5   6,0   04:27    SE
25   0,0   1,3   14:35  -1,1   09:28  18,0   0,0   0,0   0,6  13,0   22:37   ESE
26  -0,7   1,8   13:47  -2,7   05:47  18,7   0,0   0,0   1,5  24,0   15:21    SE
27   0,6   2,2   14:34  -0,7   08:04  17,4   0,0   0,5   0,9  12,0   04:15    SE
28   0,7   1,6   13:10  -0,7   23:42  17,3   0,0   0,0   0,7   7,0   20:33   NNE
29  -2,6  -0,7   00:00  -3,9   22:09  20,5   0,0   0,0   3,5  22,0   17:22     N
30  -4,3  -2,3   15:01  -6,1   23:27  22,3   0,0   0,0   2,7  12,0   19:38   NNE
31  -7,2  -5,3   13:37  -8,9   23:30  25,2   0,0   0,0   5,7  28,0   13:13     N
----------------------------------------------------------------------------------
     2,0  11,4     2    -8,9    31   490,2   0,0  85,2   2,4  50,0     3      SE

Max >=  27,0:  0
Max <=   0,0:  3
Min <=   0,0: 13
Min <= -18,0:  0
Max Rain: 17,1 on day 5
Days of Rain: 21 (>= 0,2 mm)  13 (>= 2,0 mm)  0 (>= 20,0 mm)
Heat Base: 18,0  Cool Base: 29,0  Method: Integration

powered by CumulusMX v3.8.3 (b3093) Valid HTML5    Last Cumulus update   13:53:08