NOAA-style Climate Reports

   V/Λ SELECT: Month and Year   OR  >   Month
                   Annual Climatological Summary for 2012

Name: Wetterstation Bebra-Gilfershausen   City: Bebra   State: Hessen,Germany
Elevation: 250 m  Lat: N 50° 59' 02"   Lon: E 009° 49' 37"

                  Temperature (°C), Heat Base: 18,0  Cool Base: 29,0
                          Dep.  Heat  Cool                       Max  Max  Min  Min
        Mean  Mean        From  Deg   Deg                        >=   <=   <=   <=
 YR MO  Max   Min   Mean  Norm  Days  Days  Hi  Date  Low  Date 27,0  0,0  0,0 -18,0
------------------------------------------------------------------------------------
 12  1   4,3  -0,2   2,0   4,0   490     0  11,4   2  -8,9   31    0    3   13    0
 12  2   1,1  -6,0  -2,4  -2,4   593     0  11,3  29 -17,9    7    0   13   22    0
 12  3  12,4   1,7   6,9   4,4   345     0  20,1  16  -3,4    9    0    0    9    0
 12  4  14,0   3,5   8,5   1,0   295     0  29,5  28  -3,9    1    1    0    5    0
 12  5  20,9   8,3  14,5   2,0   146     0  29,5  11   0,1   14    3    0    0    0
 12  6  20,9  10,6  15,5   0,0   102     0  30,5  29   4,9    6    4    0    0    0
 12  7  23,0  12,3  17,3  -0,2    67     1  32,7  27   6,3   23    4    0    0    0
 12  8  24,5  12,0  18,0   1,0    60     1  33,1  19   7,3   12    7    0    0    0
 12  9  19,2   7,5  12,9  -0,1   166     0  27,7  10   1,8   20    2    0    0    0
 12 10  12,7   4,0   8,0   0,0   312     0  20,8  21  -3,8   28    0    0    3    0
 12 11   7,5   2,2   5,0   2,0   391     0  12,6  25  -3,6   30    0    0    8    0
 12 12   4,0  -1,0   1,8   1,7   484     0  11,4  25 -15,9   11    0    5   13    0
------------------------------------------------------------------------------------
        13,7   4,6   9,0   1,1  3453     2  33,1 Aug -17,9  Feb   21   21   73    0

                                Precipitation (mm)

              Dep.   Max        Days of Rain
              From   Obs.           >=
 YR MO Total  Norm   Day Date  0,2  2,0 20,0
---------------------------------------------
 12  1  85,2  27,2  17,1   5    21   13    0
 12  2  17,5 -32,5   7,3  15    11    2    0
 12  3  12,9 -41,1   4,2   8     9    3    0
 12  4  29,0 -46,0  12,4   4    12    5    0
 12  5  54,8 -40,2  23,3   5    12    6    1
 12  6  59,5 -48,5  14,5  19    16    7    0
 12  7 137,9  49,9  34,2  14    20   13    1
 12  8  29,6 -63,4   7,3   6     9    4    0
 12  9  20,7 -37,3   6,2  11     9    5    0
 12 10  46,1  -7,9  10,9   4    13    7    0
 12 11  37,3 -23,7   9,3   3    15    6    0
 12 12  70,9  18,9  19,2  23    17   12    0
---------------------------------------------
       601,4-244,6  34,2  Jul  164   83    2

                                Wind Speed (km/h)
                          Dom
 YR MO   Avg.  Hi   Date  Dir
------------------------------
 12  1   2,4  50,0    3    SE
 12  2   2,1 180,0    1     E
 12  3   1,7  37,0   17   ESE
 12  4   3,1  42,0   17    SE
 12  5   2,0  33,0   11   ESE
 12  6   1,7  43,0   24    SE
 12  7   1,8  32,0   19    SE
 12  8   1,5  32,0   25    SE
 12  9   1,7 154,0    9    SE
 12 10   1,7  34,0    5    SE
 12 11   1,5  32,0   25    SE
 12 12   2,0 122,0   15    SE
------------------------------
         1,9 180,0  Feb    SE

powered by CumulusMX v3.10.2 (b3117) Valid HTML5    Last Cumulus update   20:22:29