NOAA-style Climate Reports

   V/Λ SELECT: Month and Year   OR  >   Month
                   Monthly Climatological Summary for Dez 2011

Name: Wetterstation Bebra-Gilfershausen   City: Bebra   State: Hessen,Germany
Elevation: 250 m  Lat: N 50° 59' 02"   Lon: E 009° 49' 37"

                  Temperature (°C), Rain (mm), Wind Speed (km/h)

                                      Heat  Cool        Avg
    Mean                              Deg   Deg         Wind                 Dom
Day Temp  High   Time   Low    Time   Days  Days  Rain  Speed High   Time    Dir
----------------------------------------------------------------------------------
 1   3,6   9,4   23:52  -3,3   03:29  14,7   0,0   1,0   1,9  17,0   10:09    SE
 2   6,7  11,4   10:57  -0,5   23:57  11,6   0,0   2,1   2,5  21,0   07:22   SSE
 3   3,5   6,7   19:21  -0,9   01:49  14,8   0,0   2,6   4,2  27,0   10:55    SE
 4   6,4   7,8   06:59   5,2   22:16  11,9   0,0   2,6   1,2  17,0   06:16   SSE
 5   2,8   5,6   01:16   0,9   17:27  15,5   0,0   9,9   1,1  21,0   14:18    SE
 6   2,4   4,3   13:54   1,1   00:00  15,1   0,0   3,1   1,7  17,0   12:25   SSE
 7   3,6   6,3   14:15   1,2   01:27  12,4   0,0   3,1   2,4  19,0   13:26    SE
 8   5,1   6,9   22:19   3,3   00:00  12,0   0,0   0,5   4,9  34,0   05:36    SE
 9   4,5   8,3   05:38  -0,5   21:42  13,5   0,0   7,3   3,1  28,0   04:29   SSE
10   1,5   4,5   13:10  -1,1   00:46  16,5   0,0   0,5   1,2  14,0   11:55    SE
11  -0,9   2,1   13:49  -4,0   08:44  18,9   0,0   0,0   0,5   8,0   13:12    SE
12   3,4   6,5   14:27   0,1   00:00  14,6   0,0   1,0   1,3  17,0   13:04    SE
13   5,0   6,9   16:36   2,4   00:00  13,0   0,0   5,7   9,3  49,0   09:23    SE
14   4,7   8,4   11:54   1,8   05:34  13,3   0,0   7,8   6,4  45,0   09:51   SSE
15   4,1   6,1   12:18   1,3   05:23  13,9   0,0   1,6   4,6  35,0   12:55   SSE
16   4,4   8,2   13:50   1,6   08:56  13,6   0,0  15,5   6,1  41,0   11:27    SE
17   2,7   3,6   15:28   0,9   23:52  15,3   0,0   4,1   1,6  16,0   07:26    SE
18   1,9   3,2   14:10   0,6   00:13  16,5   0,0   0,5   1,0  21,0   02:28   SSE
19   0,7   1,4   14:14  -0,5   06:45  17,3   0,0   0,5   2,9  15,0   05:47   SSE
20   0,7   1,5   23:08  -0,2   07:55  17,3   0,0   2,1   4,6  29,0   06:51    SE
21   2,5   3,5   14:16   1,4   00:00  15,5   0,0   5,2   0,7  10,0   03:53    SE
22   3,4   4,8   23:51   1,8   02:07  14,6   0,0   4,7   0,8  10,0   14:45   SSE
23   6,7   8,2   12:29   4,8   00:00  11,3   0,0   1,0   1,3  11,0   22:48   SSE
24   3,7   6,1   00:00   0,6   21:13  14,3   0,0   5,7   2,6  22,0   07:40    SE
25   3,5   5,3   23:04   0,9   00:00  14,5   0,0   0,5   2,7  19,0   22:34   SSE
26   6,6   7,4   15:07   5,3   00:00  11,4   0,0   0,0   2,0  15,0   05:02   SSE
27   7,0   7,9   14:16   5,5   23:37  11,0   0,0   0,0   0,8  11,0   00:44   SSE
28   5,1   5,9   06:11   3,9   22:10  12,9   0,0   0,5   5,5  28,0   09:13   SSE
29   4,4   5,6   11:14   3,3   18:52  13,6   0,0   0,5   5,9  29,0   18:29   SSE
30   2,6   4,1   00:00   0,9   18:37  15,4   0,0   6,7   2,3  19,0   03:46    SE
31   2,7   4,2   23:55   1,4   08:01  15,3   0,0   1,0   1,8  19,0   11:14    SE
----------------------------------------------------------------------------------
     3,7  11,4     2    -4,0    11   441,5   0,0  97,3   2,9  49,0    13      SE

Max >=  27,0:  0
Max <=   0,0:  0
Min <=   0,0:  8
Min <= -18,0:  0
Max Rain: 15,5 on day 16
Days of Rain: 28 (>= 0,2 mm)  16 (>= 2,0 mm)  0 (>= 20,0 mm)
Heat Base: 18,0  Cool Base: 29,0  Method: Integration

powered by CumulusMX v3.8.3 (b3093) Valid HTML5    Last Cumulus update   09:17:19