NOAA-style Climate Reports

   V/Λ SELECT: Month and Year   OR  >   Month
                   Monthly Climatological Summary for Nov 2011

Name: Jan Kreutzer   City: Bebra   State: Hessen,Germany
Elevation: 250 m  Lat: N 50° 59' 02"   Lon: E 009° 49' 37"

                  Temperature (°C), Rain (mm), Wind Speed (km/h)

                                      Heat  Cool        Avg
    Mean                              Deg   Deg         Wind                 Dom
Day Temp  High   Time   Low    Time   Days  Days  Rain  Speed High   Time    Dir
----------------------------------------------------------------------------------
 1   8,3  12,4   14:18   4,7   08:14  10,0   0,0   0,0   1,1  10,0   12:53    SE
 2   8,4  10,8   13:25   7,2   21:18   9,9   0,0   0,0   1,0  15,0   12:42    SE
 3   9,1  12,7   14:11   6,6   08:26   9,2   0,0   0,0   0,5   8,0   09:30     E
 4   8,8  13,9   14:06   5,5   23:53   9,5   0,0   0,0   0,6  10,0   13:43   ESE
 5   8,6  15,2   14:23   4,1   02:49   9,7   0,0   0,0   0,6   8,0   08:53    NE
 6   7,6  15,9   14:18   2,4   07:31  10,7   0,0   0,0   0,5   7,0   13:06     E
 7   7,3   8,5   14:50   3,6   23:52  11,0   0,0   0,0   1,9  12,0   15:35     N
 8   5,8   9,9   14:26   2,8   02:05  12,5   0,0   0,0   0,7   6,0   11:52   NNE
 9   4,8   8,9   14:58   2,6   20:17  13,6   0,0   0,0   0,4   8,0   13:37    SE
10   5,0   6,3   19:01   3,3   04:45  13,3   0,0   0,0   1,9  11,0   15:29     N
11   3,9   5,4   00:00   1,8   17:52  14,4   0,0   0,0   2,7  17,0   09:42     N
12   0,9   5,1   14:05  -2,7   08:15  17,4   0,0   0,0   0,8  10,0   11:35    SE
13   0,9   5,6   14:59  -1,7   22:39  17,4   0,0   0,0   0,4   5,0   11:12    SE
14  -0,4   4,8   14:31  -2,6   23:52  18,7   0,0   0,0   0,6   8,0   13:50   ESE
15  -1,2   4,4   13:29  -5,0   07:16  19,5   0,0   0,0   1,1  15,0   21:44     N
16  -0,4   0,9   14:33  -1,1   05:37  18,7   0,0   0,0   1,7  14,0   05:58     N
17   2,1   4,1   15:01  -0,6   01:07  16,2   0,0   0,0   3,1  13,0   04:12    SE
18   5,2   7,3   14:15   3,1   00:39  13,1   0,0   0,0   0,1   3,0   09:41    SE
19   4,7   9,6   13:47  -0,4   23:36  13,6   0,0   0,0   0,1   5,0   12:47    SE
20   3,1   6,4   13:21  -0,4   00:00  15,0   0,0   0,0   0,3   7,0   12:10    SE
21   1,4   6,7   14:34  -0,8   23:45  16,8   0,0   0,0   0,4   6,0   13:04   ESE
22   0,7   5,1   14:25  -1,1   09:00  17,6   0,0   0,0   0,5   8,0   11:36    SE
23   0,7   5,5   14:53  -1,1   07:21  17,6   0,0   0,0   0,0   3,0   12:17   ESE
24   1,2   5,5   14:26  -1,8   23:50  17,1   0,0   0,0   0,5  38,0   09:42    SE
25  -0,2   2,8   13:14  -3,6   07:40  18,5   0,0   0,5   2,5  16,0   14:16    SE
26   5,4   7,4   13:59   2,4   00:00  12,9   0,0   0,0   3,9  23,0   17:59    SE
27   6,0   7,4   19:03   3,1   23:28  12,3   0,0   0,0   3,8  23,0   11:31   SSE
28   1,5   6,6   13:46  -2,1   21:46  16,8   0,0   0,0   0,3   7,0   11:21    SE
29   0,2   4,6   20:10  -4,8   07:14  18,0   0,0   0,5   1,2  15,0   18:55   SSE
30   3,8   8,5   12:52  -2,4   23:39  14,5   0,0   0,0   0,7  10,0   14:29    SE
----------------------------------------------------------------------------------
     3,8  15,9     6    -5,0    15   435,5   0,0   1,0   1,1  38,0    24     ESE

Max >=  27,0:  0
Max <=   0,0:  0
Min <=   0,0: 16
Min <= -18,0:  0
Max Rain: 0,5 on day 25
Days of Rain: 2 (> 0,2 mm)  0 (> 2,0 mm)  0 (> 20,0 mm)
Heat Base: 16,0  Cool Base: 29,0  Method: Integration

powered by CumulusMX v3.8.3 (b3093) Valid HTML5    Last Cumulus update   21:39:24