NOAA-style Climate Reports

   V/Λ SELECT: Month and Year   OR  >   Month
                   Monthly Climatological Summary for Okt 2011

Name: Jan Kreutzer   City: Bebra   State: Hessen,Germany
Elevation: 250 m  Lat: N 50° 59' 02"   Lon: E 009° 49' 37"

                  Temperature (°C), Rain (mm), Wind Speed (km/h)

                                      Heat  Cool        Avg
    Mean                              Deg   Deg         Wind                 Dom
Day Temp  High   Time   Low    Time   Days  Days  Rain  Speed High   Time    Dir
----------------------------------------------------------------------------------
 1  14,1  24,1   15:37   7,3   07:01   5,2   1,1   0,0   0,5   6,0   11:01   ESE
 2  14,2  24,0   15:11   7,5   07:39   5,2   1,1   0,0   0,2   6,0   12:18    SE
 3  14,3  23,1   15:33   8,2   05:16   4,9   0,8   0,0   0,6   9,0   15:18   SSE
 4  15,1  22,9   14:53   8,5   07:30   4,2   1,0   0,0   1,7  17,0   12:26    SE
 5  15,9  18,7   14:27  12,7   00:01   2,4   0,0   0,0   1,5  13,0   17:22    SE
 6  13,8  18,9   13:24   9,0   23:56   4,5   0,0   6,2   3,4  25,0   10:58   SSE
 7   8,2  10,1   12:27   5,6   04:51  10,1   0,0   8,3   1,1  11,0   13:08    SE
 8   7,8  12,1   15:35   4,6   23:57  10,5   0,0   4,7   1,2  22,0   14:51   ESE
 9   7,4  11,3   15:03   4,1   01:07  10,9   0,0   4,7   2,8  19,0   16:57    SE
10  12,8  17,1   14:51   7,9   00:00   5,4   0,0   2,6   3,6  18,0   14:22    SE
11  15,2  16,2   00:00  14,4   05:49   3,1   0,0   0,0   4,4  19,0   17:00    SE
12  10,4  14,5   00:00   8,7   23:47   7,9   0,0  18,7   0,3   8,0   00:00   ESE
13   7,8  11,6   13:02   3,9   23:22  10,4   0,0   0,5   0,2   9,0   12:09   ESE
14   4,7   9,1   15:38   0,9   07:30  13,5   0,0   0,0   0,9   9,0   13:56   NNE
15   4,3  10,8   15:23  -0,9   08:23  14,0   0,0   0,0   0,7  10,0   13:45   NNE
16   5,4  13,8   15:05  -0,6   07:59  12,9   0,0   0,0   0,8  13,0   15:05    SE
17   5,0  11,2   15:24   0,4   06:39  13,3   0,0   0,0   0,8  12,0   13:52    SE
18   8,1  16,7   14:18   1,6   02:28  10,2   0,0   1,0   2,7  27,0   10:46    SE
19   7,4  10,9   14:49   4,8   23:34  10,9   0,0   1,0   2,3  18,0   13:51    SE
20   5,2   9,3   15:12   0,9   23:31  13,1   0,0   0,5   0,5  12,0   13:10    SE
21   3,0   7,3   15:31   0,1   23:57  15,3   0,0   0,0   0,4   6,0   06:31    SE
22   2,8   9,6   14:54  -0,7   02:22  15,5   0,0   0,0   1,2   8,0   11:14    SE
23   2,1  10,1   15:26  -3,2   07:58  16,2   0,0   0,5   0,9  16,0   14:07    SE
24   5,8  13,2   15:43  -0,7   07:13  12,5   0,0   0,0   1,8  24,0   15:13    SE
25   7,8  11,1   14:25   3,1   03:17  10,5   0,0   0,0   2,8  15,0   12:17     N
26   6,8  13,1   15:16   1,9   23:56  11,5   0,0   0,0   1,8  26,0   14:22    SE
27   6,0  12,1   15:41   0,2   08:16  12,2   0,0   0,0   0,4  14,0   15:14   ESE
28  10,1  14,9   15:27   5,5   23:44   8,2   0,0   0,0   1,3  10,0   11:59    SE
29   8,3  13,1   16:08   5,5   05:22  10,0   0,0   0,0   0,2   6,0   12:27   ESE
30   9,8  12,8   14:07   6,8   02:29   8,8   0,0   1,5   0,1   4,0   12:35    SE
31  10,9  15,8   13:51   5,9   23:08   7,4   0,0   0,5   0,2   6,0   13:04   ESE
----------------------------------------------------------------------------------
     8,7  24,1     1    -3,2    23   300,7   4,0  50,7   1,3  27,0    18      SE

Max >=  27,0:  0
Max <=   0,0:  0
Min <=   0,0:  5
Min <= -18,0:  0
Max Rain: 18,7 on day 12
Days of Rain: 13 (> 0,2 mm)  6 (> 2,0 mm)  0 (> 20,0 mm)
Heat Base: 16,0  Cool Base: 29,0  Method: Integration

powered by CumulusMX v3.8.3 (b3093) Valid HTML5    Last Cumulus update   13:45:08