NOAA-style Climate Reports

   V/Λ SELECT: Month and Year   OR  >   Month
                   Monthly Climatological Summary for Sep 2011

Name: Jan Kreutzer   City: Bebra   State: Hessen,Germany
Elevation: 250 m  Lat: N 50° 59' 02"   Lon: E 009° 49' 37"

                  Temperature (°C), Rain (mm), Wind Speed (km/h)

                                      Heat  Cool        Avg
    Mean                              Deg   Deg         Wind                 Dom
Day Temp  High   Time   Low    Time   Days  Days  Rain  Speed High   Time    Dir
----------------------------------------------------------------------------------
 1  13,6  21,8   16:05   7,2   04:46   5,4   0,8   0,0   0,9  12,0   16:07    SE
 2  15,3  24,5   16:33   7,9   05:44   4,4   1,4   0,0   1,5  14,0   15:05    SE
 3  18,3  27,6   15:36  10,6   06:24   2,8   2,8   0,0   0,9  14,0   17:15    SE
 4  20,1  27,4   15:16  14,9   01:42   1,1   2,9   1,6   1,1  15,0   12:48    SE
 5  17,7  20,4   16:03  11,8   23:41   1,0   0,4   1,0   1,8  17,0   13:46    SE
 6  15,0  20,8   15:50   8,4   05:59   3,7   0,4   0,0   4,4  24,0   15:30    SE
 7  15,4  18,6   15:56  12,6   08:06   2,9   0,0   3,6   4,6  25,0   12:34    SE
 8  13,3  14,5   15:46  12,2   06:36   5,0   0,0   3,1   2,2  12,0   14:44    SE
 9  15,7  19,6   16:05  12,5   06:09   2,8   0,1   2,1   0,4   6,0   17:18   SSE
10  20,0  26,3   15:34  15,4   06:02   0,8   2,5   0,5   1,1  13,0   16:56    SE
11  17,9  25,8   14:38  14,9   07:34   1,9   1,5  22,8   0,8  21,0   15:38   ESE
12  16,5  21,1   15:33  12,1   07:27   2,2   0,3   0,0   4,6  30,0   16:35    SE
13  17,2  20,4   12:01  12,0   23:56   1,5   0,4   0,0   2,2  19,0   12:24    SE
14  14,0  18,7   15:30  10,6   06:41   4,3   0,0   0,0   2,4  21,0   12:00   ESE
15  12,7  18,5   16:34   7,3   07:19   5,6   0,0   0,0   1,0  13,0   15:12    SE
16  12,9  19,6   15:35   6,3   07:23   5,5   0,2   0,0   0,8  14,0   13:36   ESE
17  15,9  21,7   14:03  10,9   06:10   3,2   0,7   0,0   1,5  15,0   14:16    SE
18  12,3  14,1   14:23   8,6   23:55   6,2   0,0   1,0   0,9  15,0   14:41    SE
19  10,9  16,1   16:00   6,9   07:25   7,4   0,0   0,5   1,0  15,0   11:08    SE
20  11,5  18,4   15:34   6,5   01:06   6,8   0,0   0,0   1,4  15,0   12:21    SE
21  12,2  19,9   15:36   5,6   04:47   6,9   0,2   0,0   1,0  13,0   13:32    SE
22  13,4  18,1   12:57   8,1   23:46   4,9   0,0   0,0   1,1  16,0   11:05   ESE
23  11,2  17,8   15:32   6,8   02:46   7,1   0,0   0,0   0,7  13,0   12:45    SE
24  11,0  19,8   14:55   4,2   06:43   7,5   0,2   0,0   0,7  13,0   14:19    SE
25  12,5  21,6   15:31   5,6   06:49   6,3   0,6   0,0   0,4   9,0   12:04    SE
26  14,5  23,6   15:38   7,8   06:12   4,9   1,1   0,0   1,1  15,0   15:46    SE
27  15,7  23,1   15:58  11,1   07:07   3,4   0,8   0,0   0,7   7,0   15:07     E
28  15,2  21,0   15:07  10,8   04:49   3,6   0,5   0,0   0,8  10,0   12:43     N
29  14,1  22,3   15:19   8,4   07:49   5,0   0,8   0,0   0,6   8,0   10:43   ESE
30  14,1  23,9   15:34   6,9   07:32   5,3   1,1   0,0   0,6  10,0   12:59   ESE
----------------------------------------------------------------------------------
    14,7  27,6     3     4,2    24   129,4  19,7  36,2   1,4  30,0    12      SE

Max >=  27,0:  2
Max <=   0,0:  0
Min <=   0,0:  0
Min <= -18,0:  0
Max Rain: 22,8 on day 11
Days of Rain: 9 (> 0,2 mm)  4 (> 2,0 mm)  1 (> 20,0 mm)
Heat Base: 16,0  Cool Base: 29,0  Method: Integration

powered by CumulusMX v3.8.3 (b3093) Valid HTML5    Last Cumulus update   13:49:08