NOAA-style Climate Reports

   V/Λ SELECT: Month and Year   OR  >   Month
                   Monthly Climatological Summary for Aug 2011

Name: Jan Kreutzer   City: Bebra   State: Hessen,Germany
Elevation: 250 m  Lat: N 50° 59' 02"   Lon: E 009° 49' 37"

                  Temperature (°C), Rain (mm), Wind Speed (km/h)

                                      Heat  Cool        Avg
    Mean                              Deg   Deg         Wind                 Dom
Day Temp  High   Time   Low    Time   Days  Days  Rain  Speed High   Time    Dir
----------------------------------------------------------------------------------
 1  16,2  23,1   17:07  10,3   06:16   0,0   0,0   0,0   0,8   9,0   18:10   ESE
 2  19,2  25,9   16:58  11,3   06:26   0,0   0,0   0,0   1,6  11,0   22:15     N
 3  19,9  27,6   13:06  14,1   06:38   0,0   0,0   0,0   0,8  16,0   13:10    SE
 4  21,0  27,1   15:37  17,3   23:07   0,0   0,0   1,0   0,8  13,0   15:33    SE
 5  20,2  25,3   17:04  17,0   23:58   0,0   0,0   2,1   1,6  13,0   15:09    SE
 6  20,3  28,3   16:16  14,6   06:00   0,0   0,0   8,8   1,8  17,0   11:10    SE
 7  17,6  21,3   15:57  12,7   23:50   0,0   0,0   0,5   2,0  14,0   10:42    SE
 8  14,2  18,5   15:07  10,8   05:33   1,8   0,0   7,8   2,3  25,0   18:15    SE
 9  14,1  19,1   14:30  11,9   23:57   1,9   0,0   3,1   2,1  13,0   14:30    SE
10  14,7  19,1   17:01  11,1   06:29   1,3   0,0   0,0   2,1  18,0   18:31    SE
11  17,7  23,4   15:17  13,3   06:03   0,0   0,0   0,0   3,6  23,0   13:56    SE
12  16,8  21,8   15:30  13,8   00:38   0,0   0,0   2,1   1,2  12,0   12:38   SSE
13  18,2  21,6   17:55  15,6   05:08   0,0   0,0  11,4   0,8  11,0   15:16    SE
14  19,2  22,9   16:54  14,9   23:50   0,0   0,0   0,5   1,9  21,0   13:28    SE
15  16,9  22,9   17:00  12,4   03:58   0,4   0,8   0,0   0,5  14,0   13:04    SE
16  16,4  21,6   17:01  11,6   04:12   2,5   0,7   0,0   0,2   6,0   09:25    SE
17  19,1  26,3   14:13  14,6   06:18   1,4   2,1   0,0   0,7  17,0   12:01   ESE
18  21,1  28,9   15:53  14,1   07:00   1,0   3,8   0,5   0,7   9,0   15:06    SE
19  18,0  21,8   14:14  12,1   23:56   1,1   0,9   4,1   0,7  12,0   14:14     E
20  16,2  24,9   16:22   8,7   06:20   3,8   1,7   0,0   1,3  15,0   11:59    SE
21  17,0  25,6   17:26  10,2   06:05   2,9   1,6   0,0   0,4  10,0   15:41    SE
22  20,4  26,3   16:19  15,8   04:02   0,7   2,8   0,0   0,4   7,0   19:06    NE
23  21,9  29,4   15:46  16,1   01:05   0,4   4,0   0,0   1,2  12,0   06:23     N
24  21,5  29,5   15:45  16,1   23:28   0,2   3,4  11,9   1,4  26,0   19:10    SE
25  20,0  24,6   14:36  16,0   02:12   0,6   2,3   0,0   0,4   6,0   17:48   NNE
26  23,4  31,4   15:41  18,4   23:49   0,0   5,1   2,1   1,2  13,0   11:39    SE
27  15,5  18,4   00:00  12,9   23:51   2,8   0,0   6,7   2,3  16,0   14:51    SE
28  14,2  18,4   14:29  10,9   02:10   4,1   0,0   0,5   2,4  21,0   14:36    SE
29  14,1  19,8   15:47   9,6   02:28   4,3   0,1   0,0   1,9  19,0   15:26    SE
30  11,9  17,2   16:47   6,7   06:08   6,4   0,0   0,0   0,9  13,0   11:30    SE
31  12,6  20,4   14:42   6,1   04:36   5,9   0,2   0,0   0,7  10,0   16:12   ESE
----------------------------------------------------------------------------------
    17,7  31,4    26     6,1    31    43,5  29,5  63,1   1,3  26,0    24      SE

Max >=  27,0:  7
Max <=   0,0:  0
Min <=   0,0:  0
Min <= -18,0:  0
Max Rain: 11,9 on day 24
Days of Rain: 15 (> 0,2 mm)  10 (> 2,0 mm)  0 (> 20,0 mm)
Heat Base: 16,0  Cool Base: 29,0  Method: Integration

powered by CumulusMX v3.8.3 (b3093) Valid HTML5    Last Cumulus update   13:41:08