NOAA-style Climate Reports

   V/Λ SELECT: Month and Year   OR  >   Month
                   Monthly Climatological Summary for Jun 2011

Name: Jan Kreutzer   City: Bebra   State: Hessen,Germany
Elevation: 250 m  Lat: N 50° 59' 02"   Lon: E 009° 49' 37"

                  Temperature (°C), Rain (mm), Wind Speed (km/h)

                                      Heat  Cool        Avg
    Mean                              Deg   Deg         Wind                 Dom
Day Temp  High   Time   Low    Time   Days  Days  Rain  Speed High   Time    Dir
----------------------------------------------------------------------------------
 1  12,4  16,5   18:27   9,9   05:28   3,6   0,0   0,5   1,3  10,0   10:32     N
 2  15,4  22,1   16:27   7,3   06:12   0,6   0,0   0,0   2,2  19,0   15:29     N
 3  17,2  24,3   15:32   8,4   04:30   0,0   0,0   0,0   3,0  19,0   08:28     N
 4  20,7  28,1   15:26  11,4   05:38   0,0   0,0   0,0   2,0  15,0   12:50   NNE
 5  21,5  30,6   14:08  14,6   05:21   0,0   0,0   1,5   0,1   8,0   18:10    SE
 6  18,4  28,2   13:57  15,4   05:46   0,0   0,0  11,9   0,7  14,0   12:06    SE
 7  19,6  25,9   15:54  14,5   04:18   0,0   0,0   0,0   0,8  13,0   14:05   ESE
 8  15,7  18,3   11:53  10,0   00:00   0,3   0,0   3,6   0,5  11,0   13:00   ESE
 9  14,5  20,7   15:40   7,2   05:58   1,5   0,0   0,0   1,0  19,0   13:14   ESE
10  14,8  21,5   13:59   8,9   05:12   1,2   0,0   0,0   0,7  12,0   11:57    SE
11  13,7  19,3   16:14   9,4   23:31   2,3   0,0   7,3   0,8   9,0   11:20    SE
12  15,0  22,8   15:22   6,9   05:26   1,0   0,0   0,0   1,1  14,0   15:24   ESE
13  15,5  20,9   15:51   9,5   04:28   0,5   0,0   0,0   1,8  15,0   17:19    SE
14  18,7  23,8   16:42  14,1   04:25   0,0   0,0   1,6   0,8  10,0   11:04    SE
15  18,9  25,3   17:26  11,4   05:46   0,0   0,0   0,0   1,2  15,0   18:36    SE
16  18,5  25,9   15:48  12,1   06:04   0,0   0,0   8,3   2,9  24,0   13:16    SE
17  16,4  22,8   15:16   9,3   05:22   0,0   0,0   2,1   2,7  25,0   12:41    SE
18  16,1  20,7   11:30  10,8   23:53   0,0   0,0   1,0   3,6  18,0   10:49    SE
19  13,8  17,0   15:10   9,5   01:06   2,2   0,0   0,0   5,1  27,0   13:25    SE
20  14,2  19,9   12:42  10,1   05:57   1,8   0,0   2,6   2,8  19,0   11:29    SE
21  17,4  22,4   16:28  13,4   03:30   0,0   0,0   4,2   1,5  18,0   13:50    SE
22  17,6  24,8   12:30  12,8   23:53   0,0   0,0  12,9   1,6  18,0   16:01    SE
23  15,1  21,5   14:18   9,9   05:22   0,9   0,0   0,5   2,5  24,0   14:35    SE
24  13,4  20,2   14:22  10,1   23:16   2,6   0,0   4,7   2,2  19,0   12:50    SE
25  12,3  16,8   12:02   7,5   05:24   3,7   0,0   2,1   1,9  14,0   10:24    SE
26  17,6  25,3   15:21  13,2   00:00   0,0   0,0   1,0   1,0  12,0   14:27    SE
27  20,5  29,0   15:50  10,8   05:24   0,0   0,0   0,0   1,4  15,0   14:58     E
28  22,8  30,9   15:53  13,5   05:25   0,0   0,0   0,0   0,8  13,0   12:19   NNE
29  21,1  30,9   15:36  14,4   05:32   0,0   0,0  14,5   0,6  10,0   16:49   ESE
30  15,0  19,4   17:12  12,3   08:25   1,0   0,0  15,5   0,8  14,0   15:44   NNE
----------------------------------------------------------------------------------
    16,8  30,9    28     6,9    12    23,2   0,0  95,8   1,6  27,0    19     ESE

Max >=  27,0:  6
Max <=   0,0:  0
Min <=   0,0:  0
Min <= -18,0:  0
Max Rain: 15,5 on day 30
Days of Rain: 18 (> 0,2 mm)  12 (> 2,0 mm)  0 (> 20,0 mm)
Heat Base: 16,0  Cool Base: 29,0  Method: Integration

powered by CumulusMX v3.8.3 (b3093) Valid HTML5    Last Cumulus update   21:09:24