NOAA-style Climate Reports

   V/Λ SELECT: Month and Year   OR  >   Month
                   Monthly Climatological Summary for Apr 2011

Name: Jan Kreutzer   City: Bebra   State: Hessen,Germany
Elevation: 250 m  Lat: N 50° 59' 02"   Lon: E 009° 49' 37"

                  Temperature (°C), Rain (mm), Wind Speed (km/h)

                                      Heat  Cool        Avg
    Mean                              Deg   Deg         Wind                 Dom
Day Temp  High   Time   Low    Time   Days  Days  Rain  Speed High   Time    Dir
----------------------------------------------------------------------------------
 1  13,1  17,3   14:46   9,9   05:36   2,9   0,0   0,5   1,4  21,0   13:25    SE
 2  13,2  22,5   15:52   6,4   04:05   2,8   0,0   0,0   1,5  23,0   17:37    SE
 3  13,0  22,1   15:41   4,8   07:07   3,0   0,0   1,5   1,1  11,0   12:05   ESE
 4  10,5  14,2   13:24   5,5   23:26   5,5   0,0   5,2   1,2  15,0   17:35    SE
 5   9,4  15,0   15:47   2,2   07:10   6,6   0,0   0,0   2,6  30,0   14:51    SE
 6  13,4  19,5   17:25   9,9   06:03   2,6   0,0   0,0   3,3  19,0   13:47    SE
 7  14,2  23,1   15:25   6,9   06:06   1,8   0,0   0,0   1,9  17,0   10:53   ENE
 8  11,7  18,8   16:41   3,3   07:18   4,3   0,0   0,0   2,0  17,0   16:09   ESE
 9  10,7  17,2   15:57   4,3   07:13   5,3   0,0   0,0   1,3  12,0   17:04   NNE
10   9,9  19,3   16:13   1,4   07:01   6,1   0,0   0,0   0,7   8,0   13:58    NE
11  11,7  21,8   14:51   2,8   06:40   4,3   0,0   0,0   1,9  15,0   15:02    SE
12   8,4  11,7   12:29   5,5   23:50   7,6   0,0   1,0   2,2  21,0   06:01   NNE
13   8,2  13,2   15:30   4,9   00:39   7,8   0,0   0,0   2,6  27,0   10:19     N
14   6,6  12,4   15:01   0,1   07:27   9,4   0,0   0,0   0,9   9,0   10:01   NNE
15   6,0  12,2   16:39  -1,5   06:52  10,0   0,0   0,0   0,8   9,0   11:01   NNE
16   9,2  14,2   16:47   5,0   06:37   6,8   0,0   0,0   0,3   8,0   15:21   ESE
17   9,8  15,6   17:16   3,5   23:57   6,2   0,0   0,0   0,7  19,0   13:23     E
18   9,4  18,7   15:41  -0,1   06:48   6,6   0,0   0,0   1,3  12,0   12:33    NE
19  11,7  21,4   15:27   1,8   06:28   4,3   0,0   0,0   1,3  14,0   14:42   ESE
20  13,0  23,2   15:17   2,9   06:28   3,0   0,0   0,0   1,2  15,0   13:32   ESE
21  14,1  23,9   15:06   4,3   06:23   1,9   0,0   0,0   1,0  11,0   12:42   ENE
22  15,4  23,8   15:06   6,2   05:52   0,6   0,0   0,0   1,6  12,0   17:08     N
23  15,9  23,9   15:20   6,6   06:22   0,1   0,0   0,0   2,3  17,0   14:03     N
24  15,1  21,6   15:25   8,4   06:27   0,9   0,0   0,0   2,1  16,0   15:53   NNE
25  12,4  20,4   15:00   3,1   06:45   3,6   0,0   0,0   1,5  14,0   12:41   NNE
26  11,2  17,9   12:57   4,8   05:14   4,8   0,0   8,3   1,0  12,0   15:44   NNE
27  11,9  16,7   16:05   7,3   04:25   4,1   0,0   2,6   1,2  13,0   14:33     N
28  13,4  19,6   15:35   9,9   03:52   2,6   0,0  11,4   1,7  18,0   15:24   NNE
29  14,0  21,3   15:28   8,5   06:04   2,0   0,0   0,5   2,2  19,0   13:30     N
30  14,4  19,1   15:44  10,3   06:23   1,6   0,0   0,0   4,5  22,0   10:21     N
----------------------------------------------------------------------------------
    11,7  23,9    21    -1,5    15   129,1   0,0  31,0   1,6  30,0     5     ENE

Max >=  27,0:  0
Max <=   0,0:  0
Min <=   0,0:  2
Min <= -18,0:  0
Max Rain: 11,4 on day 28
Days of Rain: 8 (> 0,2 mm)  4 (> 2,0 mm)  0 (> 20,0 mm)
Heat Base: 16,0  Cool Base: 29,0  Method: Integration

powered by CumulusMX v3.10.2 (b3117) Valid HTML5    Last Cumulus update   20:21:02