NOAA-style Climate Reports

   V/Λ SELECT: Month and Year   OR  >   Month
                   Monthly Climatological Summary for Mrz 2011

Name: Jan Kreutzer   City: Bebra   State: Hessen,Germany
Elevation: 250 m  Lat: N 50° 59' 02"   Lon: E 009° 49' 37"

                  Temperature (°C), Rain (mm), Wind Speed (km/h)

                                      Heat  Cool        Avg
    Mean                              Deg   Deg         Wind                 Dom
Day Temp  High   Time   Low    Time   Days  Days  Rain  Speed High   Time    Dir
----------------------------------------------------------------------------------
 4  -2,0  -1,1   00:00  -2,7   05:02  18,0   0,0   0,0  ----  92,0   05:02   ---
 5   3,0   6,9   13:41  -1,6   21:30  13,0   0,0   0,5   2,0  11,0   16:15   NNE
 6   0,4   4,7   16:04   3,8   17:21  15,6   0,0   0,0   0,4   9,0   15:53   NNW
 7   2,0  -1,4   21:10  -3,9   23:52  14,0   0,0   0,0   0,0   2,0   23:24   ---
 8   0,1   8,9   14:30  -7,0   07:11  15,9   0,0   0,0   2,5  92,0   06:34    SE
 9   4,5  12,3   12:48  -3,1   03:48  11,5   0,0   0,0   2,9  25,0   13:33    SE
10   6,3   9,8   13:10   2,4   04:23   9,7   0,0   0,0   3,9  26,0   15:44   SSE
11   7,7  11,2   14:07   1,4   23:58   8,3   0,0   0,5   2,7  24,0   08:41   SSE
12   5,5  14,1   14:55  -1,2   05:45  10,5   0,0   0,0   1,5  17,0   12:55    SE
13   8,3  14,1   15:46   2,8   06:57   7,7   0,0   0,5   0,5  12,0   12:33   ESE
14   9,1  12,6   15:24   6,6   06:13   6,9   0,0   1,6   0,3   8,0   14:03    SE
15  10,2  14,6   14:45   6,5   04:26   5,8   0,0   0,0   3,9  24,0   20:45     N
16   5,6   8,3   00:00   4,5   16:34  10,4   0,0   0,0   5,3  23,0   05:30     N
17   5,9   6,8   13:29   4,6   21:20  10,1   0,0   1,0   1,0   8,0   18:55     N
18   5,7   7,0   13:09   3,9   22:20  10,3   0,0   0,0   1,0  13,0   02:36    NW
19   4,2   9,1   15:30  -2,2   23:57  11,8   0,0   0,0   1,4  13,0   12:19     N
20   2,0  10,2   14:46  -4,7   05:55  14,0   0,0   0,0   0,8   9,0   11:49    NE
21   3,5  12,8   15:22  -3,9   07:01  12,5   0,0   0,0   0,8  12,0   12:08    SE
22   5,3  16,1   15:19  -3,1   06:32  10,7   0,0   0,0   0,9   8,0   09:18   ESE
23   6,2  15,3   14:34  -1,4   06:27   9,8   0,0   0,0   0,9  10,0   11:51     E
24   6,4  16,4   15:25  -1,3   05:23   9,6   0,0   0,0   0,8   9,0   11:55   ESE
25   7,2  15,5   15:35   0,4   05:48   8,8   0,0   0,0   0,6   8,0   16:42     E
26   4,6   8,4   15:43   0,6   05:39  11,4   0,0   0,0   0,8  10,0   09:39     N
27   5,2  13,3   16:25  -2,2   07:54  10,8   0,0   0,0   0,9  13,0   15:43   ESE
28   5,3  13,6   14:53  -1,1   04:42  10,7   0,0   0,0   1,0  11,0   14:35   ENE
29   5,7  16,1   16:41  -3,1   07:26  10,3   0,0   0,0   1,7  21,0   15:54    SE
30   7,9  17,3   14:12  -1,1   07:23   8,1   0,0   0,0   1,9  17,0   17:57    SE
31   9,9  11,6   11:19   6,4   02:57   6,1   0,0   2,6   2,7  17,0   10:40   SSE
----------------------------------------------------------------------------------
     5,2  17,3    30    -7,0     8   302,3   0,0   6,7   1,6  92,0     4       E

Max >=  27,0:  0
Max <=   0,0:  2
Min <=   0,0: 16
Min <= -18,0:  0
Max Rain: 2,6 on day 31
Days of Rain: 6 (> 0,2 mm)  1 (> 2,0 mm)  0 (> 20,0 mm)
Heat Base: 16,0  Cool Base: 29,0  Method: Integration

powered by CumulusMX v3.8.3 (b3093) Valid HTML5    Last Cumulus update   08:19:19