NOAA-style Climate Reports

   V/Λ SELECT: Month and Year   OR  >   Month
                   Monthly Climatological Summary for Feb 2011

Name: Jan Kreutzer   City: Bebra   State: Hessen,Germany
Elevation: 250 m  Lat: N 50° 59' 02"   Lon: E 009° 49' 37"

                  Temperature (°C), Rain (mm), Wind Speed (km/h)

                                      Heat  Cool        Avg
    Mean                              Deg   Deg         Wind                 Dom
Day Temp  High   Time   Low    Time   Days  Days  Rain  Speed High   Time    Dir
----------------------------------------------------------------------------------
 1  -5,1  -3,9   23:33  -5,6   00:00  21,1   0,0   0,0   4,1  12,0   23:00    SE
 3  -2,3   1,3   22:27  -9,0   00:00  18,3   0,0   1,0   1,7   8,0   22:27    SE
 4   3,9   7,1   23:32   1,3   00:00  12,1   0,0   1,0   5,8  24,0   01:42    SE
 5   8,2   9,3   14:19   6,9   00:56   7,8   0,0   0,0   6,0  23,0   08:22   SSE
 6   8,3  10,8   14:23   5,1   21:01   7,7   0,0   0,0   4,0  21,0   11:59   SSE
 7   5,2   8,2   15:22   2,5   21:52  10,8   0,0   0,0   3,2  21,0   13:01   SSE
 8   4,5   9,2   13:49  -1,9   23:46  11,5   0,0   0,0   0,7  13,0   13:06   SSE
 9  -0,5   6,6   14:50  -4,7   06:42  16,5   0,0   0,0   0,6  92,0   07:21   ESE
10   1,1   5,2   14:03  -3,6   03:40  14,9   0,0   0,5   2,0  92,0   03:48    SE
11   8,1  11,9   14:20   4,5   00:00   7,9   0,0   1,5   1,5  13,0   13:46   SSE
12   1,6   5,1   00:00   0,1   12:19  14,4   0,0   0,5   1,6  17,0   08:04     N
13   2,6   5,3   15:59   1,2   04:38  13,4   0,0   7,8   0,3  92,0   01:19   NNE
14   3,6   5,2   14:57   2,3   01:25  12,4   0,0   0,0   1,2  14,0   13:35   ESE
15   2,9   3,9   00:00   1,6   20:35  13,1   0,0   3,1   1,4  17,0   17:05    SE
16   3,2   7,1   15:43   0,7   21:13  12,8   0,0   0,5   0,8  92,0   18:33    NE
17   0,2   1,6   00:00  -0,6   08:56  15,8   0,0   0,0   2,4  13,0   10:56     N
18   0,2   1,1   13:09  -0,4   03:37  15,8   0,0   0,0   1,8  92,0   14:26     N
19  -0,4  -0,1   00:00  -0,6   03:26  16,4   0,0   0,0   4,2  11,0   00:45    NE
20  -4,2  -2,9   14:22  -6,0   23:58  20,2   0,0   0,0   4,7  21,0   12:26   NNE
22  -6,8  -6,0   00:00  -7,2   06:11  22,8   0,0   0,0  ----  11,0   01:34   ---
23  -2,1  -1,6   19:57  -3,2   23:46  18,1   0,0   0,0   0,3   5,0   20:36    SE
24  -1,8   2,4   19:37  -3,6   02:03  17,8   0,0   0,0   0,0   1,0   03:27   NNW
25   2,2   8,4   14:22 -11,2   20:47  13,8   0,0  82,9   0,0   5,0   13:22   NNW
26   1,0   7,9   14:44  -4,4   05:34  15,0   0,0   1,0   1,5  92,0   04:21    SE
27   3,3   6,3   15:06   1,5   03:43  12,7   0,0   3,1   1,1  20,0   16:21    SE
28   2,9   7,9   14:15  -1,1   23:49  13,1   0,0   0,0   0,0   7,0   13:45     W
----------------------------------------------------------------------------------
     1,5  11,9    11   -11,2    25   376,2   0,0 102,9   2,1  92,0     9     ESE

Max >=  27,0:  0
Max <=   0,0:  5
Min <=   0,0: 15
Min <= -18,0:  0
Max Rain: 82,9 on day 25
Days of Rain: 11 (> 0,2 mm)  4 (> 2,0 mm)  1 (> 20,0 mm)
Heat Base: 16,0  Cool Base: 29,0  Method: Integration

powered by CumulusMX v3.8.3 (b3093) Valid HTML5    Last Cumulus update   20:34:24