NOAA-style Climate Reports

   V/Λ SELECT: Month and Year   OR  >   Month
                   Monthly Climatological Summary for Jan 2011

Name: Jan Kreutzer   City: Bebra   State: Hessen,Germany
Elevation: 250 m  Lat: N 50° 59' 02"   Lon: E 009° 49' 37"

                  Temperature (°C), Rain (mm), Wind Speed (km/h)

                                      Heat  Cool        Avg
    Mean                              Deg   Deg         Wind                 Dom
Day Temp  High   Time   Low    Time   Days  Days  Rain  Speed High   Time    Dir
----------------------------------------------------------------------------------
 1   0,4   1,6   11:37  -1,2   00:00  15,6   0,0   2,1   1,5  12,0   07:09   NNW
 2   0,5   1,9   12:17  -0,2   17:19  15,5   0,0   1,0   0,3   5,0   14:12   SSE
 3  -0,8   1,4   14:02  -3,9   23:17  16,8   0,0   0,5   0,5   6,0   11:34     S
 4  -2,2  -0,1   12:11  -4,7   23:24  18,2   0,0   0,0   0,8   9,0   20:22   WNW
 5  -5,9  -3,8   02:05 -10,4   20:29  21,9   0,0   0,0   2,5  17,0   09:33   WNW
 6   0,3   4,9   22:07  -6,6   00:00  15,7   0,0   4,2   0,6  10,0   22:03    SE
 7   2,9   5,1   01:33   1,9   07:43  13,1   0,0   2,1   0,3  10,0   01:24    SE
 8   4,6   7,9   14:56   2,1   03:19  11,4   0,0   0,5   1,3  16,0   15:02   SSE
 9   3,9   6,5   06:51  -0,6   23:29  12,1   0,0   4,1   0,4   8,0   03:38   SSE
10   0,0   0,7   15:43  -1,1   23:06  16,0   0,0   0,0   0,5   8,0   22:45   NNE
11   1,4   3,1   23:24  -1,1   01:04  14,6   0,0   0,0   3,3  23,0   12:07    SE
12   3,7   4,7   23:38   2,8   08:02  12,3   0,0  11,9   1,8  17,0   17:29   SSE
13   7,6   9,9   21:03   4,7   00:00   8,4   0,0  17,1   0,2   5,0   00:12   SSE
14  10,3  11,9   12:59   8,8   21:59   5,7   0,0   0,5   2,9  20,0   11:12   SSE
15   7,8   9,2   00:00   6,1   08:51   8,2   0,0   1,0   1,8  13,0   23:55    SE
16   5,5   9,3   14:46   0,7   23:52  10,5   0,0   0,0   2,0  19,0   11:05    SE
17   2,2   5,1   15:28  -0,1   04:54  13,8   0,0   0,0   0,3   6,0   12:35    SE
18   5,9   7,9   13:26   4,2   00:00  10,1   0,0   2,6   0,9  14,0   10:39   SSE
19   2,6   4,4   00:00 -11,2   21:36  13,4   0,0   2,1   0,2   5,0   12:42     E
20   0,7   2,1   12:55  -0,3   22:51  15,3   0,0   2,1   0,7   6,0   21:15   NNW
21  -0,4  -0,1   01:15  -0,8   05:52  16,4   0,0   0,0   0,2   5,0   12:41   NNW
22   0,0   1,8   14:44  -0,8   18:01  16,0   0,0   0,5   0,3   6,0   13:37    SE
23   1,0   2,2   14:57  -0,2   01:09  15,0   0,0   2,1   0,2   5,0   11:20     S
24   2,1   2,7   14:47   1,6   00:00  13,9   0,0   0,5   0,3   6,0   13:24   ENE
25   2,1   3,1   12:10   1,5   03:21  13,9   0,0   3,1   1,5  12,0   18:59   SSE
26   1,6   2,9   13:46 -11,0   00:29  14,4   0,0   0,5   0,3  16,0   12:08   NNE
27  -0,6   1,0   00:00  -2,2   21:22  16,6   0,0   0,0   3,1  13,0   03:37     N
28  -1,6  -0,1   15:12  -3,0   04:37  17,6   0,0   0,0   5,0  96,0   14:27   NNE
29  -3,9  -0,4   14:57  -6,9   08:42  19,9   0,0   0,0   1,1  92,0   00:16     N
30  -4,7  -2,4   14:35  -7,1   05:24  20,7   0,0   0,0   1,7  12,0   10:42   NNW
31  -4,4  -2,2   15:15  -7,0   21:30  20,4   0,0   0,0   0,9  10,0   14:02   ESE
----------------------------------------------------------------------------------
     1,4  11,9    14   -11,2    19   453,4   0,0  58,5   1,2  96,0    28       E

Max >=  27,0:  0
Max <=   0,0:  7
Min <=   0,0: 21
Min <= -18,0:  0
Max Rain: 17,1 on day 13
Days of Rain: 19 (> 0,2 mm)  11 (> 2,0 mm)  0 (> 20,0 mm)
Heat Base: 16,0  Cool Base: 29,0  Method: Integration

powered by CumulusMX v3.8.3 (b3093) Valid HTML5    Last Cumulus update   12:49:08