NOAA-style Climate Reports

   V/Λ SELECT: Month and Year   OR  >   Month
                   Annual Climatological Summary for 2011

Name: Wetterstation Bebra-Gilfershausen   City: Bebra   State: Hessen,Germany
Elevation: 250 m  Lat: N 50° 59' 02"   Lon: E 009° 49' 37"

                  Temperature (°C), Heat Base: 18,0  Cool Base: 29,0
                          Dep.  Heat  Cool                       Max  Max  Min  Min
        Mean  Mean        From  Deg   Deg                        >=   <=   <=   <=
 YR MO  Max   Min   Mean  Norm  Days  Days  Hi  Date  Low  Date 27,0  0,0  0,0 -18,0
------------------------------------------------------------------------------------
 11  1   3,3  -1,5   1,4   3,4   515     0  11,9  14 -11,2   19    0    7   21    0
 11  2   4,5  -1,4   1,5   1,5   428     0  11,9  11 -11,2   25    0    5   15    0
 11  3  10,9   0,0   5,2   2,7   358     0  17,3  30  -7,0    8    0    2   16    0
 11  4  18,7   5,0  11,7   4,2   189     0  23,9  21  -1,5   15    0    0    2    0
 11  5  21,7   6,0  13,8   1,3   133     0  30,1  30  -1,3    4    2    0    2    0
 11  6  23,2  11,0  16,8   1,3    56     0  30,9  28   6,9   12    6    0    0    0
 11  7  21,6  11,9  16,3  -1,2    62     0  28,8   6   8,3   16    3    0    0    0
 11  8  23,6  12,9  17,7   0,7    53    29  31,4  26   6,1   31    7    0    0    0
 11  9  20,9   9,5  14,7   1,7   129    19  27,6   3   4,2   24    2    0    0    0
 11 10  14,2   4,3   8,7   0,7   300     4  24,1   1  -3,2   23    0    0    5    0
 11 11   7,6   0,7   3,8   0,8   435     0  15,9   6  -5,0   15    0    0   16    0
 11 12   5,9   1,3   3,7   3,6   441     0  11,4   2  -4,0   11    0    0    8    0
------------------------------------------------------------------------------------
        14,7   5,0   9,6   1,7  3103    53  31,4 Aug -11,2  Jan   20   14   85    0

                                Precipitation (mm)

              Dep.   Max        Days of Rain
              From   Obs.           >=
 YR MO Total  Norm   Day Date  0,2  2,0 20,0
---------------------------------------------
 11  1  58,5   0,5  17,1  13    19   11    0
 11  2 102,9  52,9  82,9  25    11    4    1
 11  3   6,7 -47,3   2,6  31     6    1    0
 11  4  31,0 -44,0  11,4  28     8    4    0
 11  5  19,1 -75,9   7,3  20     7    3    0
 11  6  95,8 -12,2  15,5  30    18   12    0
 11  7  63,6 -24,4  24,9  13    16    8    1
 11  8  63,1 -29,9  11,9  24    15   10    0
 11  9  36,2 -21,8  22,8  11     9    4    1
 11 10  50,7  -3,3  18,7  12    13    6    0
 11 11   1,0 -60,0   0,5  25     2    0    0
 11 12  97,3  45,3  15,5  16    28   16    0
---------------------------------------------
       625,9-220,1  82,9  Feb  152   79    3

                                Wind Speed (km/h)
                          Dom
 YR MO   Avg.  Hi   Date  Dir
------------------------------
 11  1   1,2  96,0   28     E
 11  2   2,1  92,0    9    SE
 11  3   1,6  92,0    4   ESE
 11  4   1,6  30,0    5   ENE
 11  5   1,9  35,0   26   ESE
 11  6   1,6  27,0   19   ESE
 11  7   1,7  27,0   14    SE
 11  8   1,3  26,0   24    SE
 11  9   1,4  30,0   12    SE
 11 10   1,3  27,0   18    SE
 11 11   1,1  38,0   24   ESE
 11 12   2,9  49,0   13    SE
------------------------------
         1,7  96,0  Jan   ESE

powered by CumulusMX v3.8.3 (b3093) Valid HTML5    Last Cumulus update   21:33:24