NOAA-style Climate Reports

   V/Λ SELECT: Month and Year   OR  >   Month
                   Monthly Climatological Summary for Dez 2010

Name: Jan Kreutzer   City: Bebra   State: Hessen,Germany
Elevation: 250 m  Lat: N 50° 59' 02"   Lon: E 009° 49' 37"

                  Temperature (°C), Rain (mm), Wind Speed (km/h)

                                      Heat  Cool        Avg
    Mean                              Deg   Deg         Wind                 Dom
Day Temp  High   Time   Low    Time   Days  Days  Rain  Speed High   Time    Dir
----------------------------------------------------------------------------------
 1  -7,8  -6,5   00:00  -8,1   04:17  23,8   0,0   0,0   5,3  15,1   03:17     N
 2  -6,8  -6,8   21:04  -7,0   20:47  22,8   0,0   0,0   0,0   0,0   20:47   ---
 3  -7,8  -6,5   00:00  -8,1   04:17  23,8   0,0   0,0   0,0  15,1   03:17   ---
 4  -2,6  -1,8   23:54  -3,2   13:13  18,6   0,0   0,0   7,0  21,2   19:37    SE
 5  -0,8   0,3   13:15  -2,1   00:22  16,8   0,0   0,0   2,6  18,4   13:41    SE
 6  -1,9   0,1   01:04 -16,0   18:50  17,9   0,0   0,0   0,6  92,2   13:04     N
 7  -0,6   0,8   12:38  -2,1   23:32  16,6   0,0   0,0   2,2  92,9   23:51     N
 8  -1,4  -0,2   14:37  -2,1   00:00  17,4   0,0   0,0   1,1  13,0   07:13   NNE
 9  -0,4   1,8   13:42  -2,1   00:00  16,4   0,0   0,5   0,9   7,0   05:52   ESE
10  -0,6   0,9   23:32  -3,9   09:47  16,6   0,0   0,0   0,1   4,0   21:15    SE
11   2,4   4,3   16:29   0,9   00:00  13,6   0,0   6,2   1,4  12,0   14:16   SSE
12   1,4   2,6   02:44  -2,7   23:58  14,6   0,0   6,2   1,6  11,0   20:24   NNE
13  -4,5  -2,6   14:50 -16,2   16:11  20,5   0,0   0,0   0,6  93,0   03:43    NE
14  -3,9  -1,5   12:47 -17,1   09:26  19,9   0,0   0,0   1,2  92,0   03:01     N
15  -3,7  -2,4   13:13  -5,0   21:36  19,7   0,0   0,0   0,1   2,0   21:02   ESE
16  -4,9  -2,4   23:53  -5,4   08:25  20,9   0,0   0,0   2,9  10,0   23:51   ESE
17  -2,5  -2,4   00:08  -2,5   00:00  18,5   0,0   0,0   0,0   4,0   00:04   SSE
18  -4,3  -0,7   12:54  -5,6   19:41  20,3   0,0   0,0   0,3   8,0   12:57    SE
19  -3,2   1,2   23:47  -1,5   12:10  19,2   0,0   0,0   0,3  15,0   23:21   ESE
20  -2,4   2,1   02:30 -11,1   22:13  18,4   0,0   6,7   1,3  18,0   01:47     W
21  -4,5  -0,2   23:07 -10,1   00:00  20,5   0,0   0,0   0,2   8,0   22:20    NW
22   0,9   1,7   13:20  -0,4   00:05  15,1   0,0   0,5   0,8   6,0   23:07   NNW
23   1,1   2,2   14:22  -0,1   23:56  14,9   0,0   0,5   1,3   8,0   22:50   NNW
24  -1,2  -0,1   00:00  -3,9   23:45  17,2   0,0   0,0   3,8  17,0   12:54   NNW
25  -5,7  -3,9   00:00 -13,1   23:51  21,7   0,0   0,0   1,2  14,0   07:49   NNW
26  -7,4  -5,1   14:10 -13,3   00:25  23,4   0,0   0,0   1,4  12,0   11:31   NNW
27  -2,8  -0,9   15:27  -4,1   06:05  18,8   0,0   0,0   1,5  10,0   11:55   NNW
28  -4,0  -1,8   14:33  -7,4   22:40  20,0   0,0   0,0   0,8  10,0   14:31   NNW
29  -5,8  -3,6   14:27  -9,9   03:12  21,8   0,0   0,0   0,5   5,0   14:52   NNW
30  -2,8  -1,7   14:12  -3,8   00:00  18,8   0,0   0,0   0,6   8,0   10:02   NNW
31  -2,0  -0,7   14:39  -3,1   06:49  18,0   0,0   0,0   1,8  12,0   09:52   NNW
----------------------------------------------------------------------------------
    -2,9   4,3    11   -17,1    14   586,5   0,0  20,6   1,3  93,0    13     NNE

Max >=  27,0:  0
Max <=   0,0: 20
Min <=   0,0: 30
Min <= -18,0:  0
Max Rain: 6,7 on day 20
Days of Rain: 6 (> 0,2 mm)  3 (> 2,0 mm)  0 (> 20,0 mm)
Heat Base: 16,0  Cool Base: 29,0  Method: Integration

powered by CumulusMX v3.8.3 (b3093) Valid HTML5    Last Cumulus update   08:11:19