NOAA-style Climate Reports

   V/Λ SELECT: Month and Year   OR  >   Month
                   Monthly Climatological Summary for Okt 2010

Name: Jan Kreutzer   City: Bebra   State: Hessen,Germany
Elevation: 250 m  Lat: N 50° 59' 02"   Lon: E 009° 49' 37"

                  Temperature (°C), Rain (mm), Wind Speed (km/h)

                                      Heat  Cool        Avg
    Mean                              Deg   Deg         Wind                 Dom
Day Temp  High   Time   Low    Time   Days  Days  Rain  Speed High   Time    Dir
----------------------------------------------------------------------------------
 1  11,0  13,0   15:26   9,7   04:30   5,0   0,0   1,5   0,3   5,0   16:18    SE
 2  11,0  13,5   17:09   7,6   02:26   5,0   0,0   2,1   0,8  13,0   15:48    SE
 3  14,3  19,6   15:30  10,8   06:35   1,7   0,0   0,0   0,9  18,4   13:18    SE
 4  12,8  18,3   15:43   8,5   06:18   3,2   0,0   0,0   1,2  13,7   15:31     E
 5  12,2  18,6   14:18   6,7   07:09   3,8   0,0   0,0   0,6  14,4   12:03    SE
 6  15,0  19,5   14:04  10,9   00:00   1,0   0,0   0,0   1,3  17,3   13:24   SSE
 7  13,0  17,9   17:09   9,2   06:02   3,0   0,0   0,0   0,5   5,8   10:54   ENE
 8  13,4  17,0   15:36   8,2   23:53   2,6   0,0   0,0   1,1  13,3   14:34     N
 9  10,4  17,0   15:25   4,2   08:33   5,6   0,0   0,0   1,6  14,8   15:33     N
10   9,9  14,9   14:24   4,4   06:05   6,1   0,0   0,0   2,1  17,6   14:58     N
11   6,6  14,1   15:12   2,3   05:08   9,4   0,0   0,0   0,6  11,5   14:42     N
12   5,6   9,4   14:05   2,1   03:22  10,4   0,0   0,0   1,0   7,6   14:24     N
13   5,5   9,0   16:11   1,2   23:55  10,5   0,0   0,0   1,7  11,5   14:51     N
14   4,9  10,9   15:47   0,3   02:30  11,1   0,0   0,0   0,4   8,6   14:38    SE
15   9,3  11,6   14:28   7,9   00:00   6,7   0,0   6,2   0,3   4,7   12:26    SE
16   7,4   9,1   14:42   4,7   20:42   8,6   0,0  15,5   0,8   8,6   15:20     N
17   6,1   8,6   15:01   3,5   23:58   9,9   0,0   0,0   1,5   9,7   17:09   NNW
18   3,9   7,1   15:28   1,2   03:05  12,1   0,0   0,0   1,1  10,4   13:45    SE
19   5,7   6,9   18:00   4,3   01:04  10,3   0,0   1,0   2,5  27,4   05:38    SE
20   6,0   8,3   15:10   2,9   22:12  10,0   0,0   2,1   0,8  11,2   15:57    SE
21   4,6   8,6   14:16   2,3   23:50  11,4   0,0   0,5   2,2  21,6   13:59    SE
22   3,4   7,9   14:15  -0,1   05:18  12,6   0,0   0,0   2,4  16,9   11:41    SE
23   4,5   9,5   16:04  -0,7   08:38  11,5   0,0   0,5   2,7  18,4   12:40    SE
24   6,8   9,6   14:18   0,7   23:58   9,2   0,0   1,0   3,4  20,2   13:44    SE
25   3,3   8,7   15:40  -0,2   03:35  12,7   0,0   0,0   0,6   7,2   11:44   NNE
26   3,3   9,8   15:33  -1,0   02:59  12,7   0,0   0,5   0,8   7,6   12:46   WNW
27   6,2   9,6   15:43   2,8   03:37   9,8   0,0   0,0   1,4  20,9   13:43    SE
28   8,0  12,3   14:26   4,9   21:41   8,0   0,0   0,0   1,5  17,6   14:18    SE
29   7,7  14,1   15:41   4,8   05:13   8,3   0,0   0,0   0,6  10,1   16:02    SE
30   8,1  14,6   15:13   4,5   04:10   7,9   0,0   0,0   0,7  14,0   14:58   SSE
31   7,8  13,5   12:40   4,3   03:45   8,2   0,0   0,0   0,5  11,2   12:02     E
----------------------------------------------------------------------------------
     8,0  19,6     3    -1,0    26   248,3   0,0  30,9   1,2  27,4    19     ESE

Max >=  27,0:  0
Max <=   0,0:  0
Min <=   0,0:  4
Min <= -18,0:  0
Max Rain: 15,5 on day 16
Days of Rain: 10 (> 0,2 mm)  4 (> 2,0 mm)  0 (> 20,0 mm)
Heat Base: 16,0  Cool Base: 29,0  Method: Integration

powered by CumulusMX v3.8.3 (b3093) Valid HTML5    Last Cumulus update   12:41:08