NOAA-style Climate Reports

   V/Λ SELECT: Month and Year   OR  >   Month
                   Monthly Climatological Summary for Sep 2010

Name: Jan Kreutzer   City: Bebra   State: Hessen,Germany
Elevation: 250 m  Lat: N 50° 59' 02"   Lon: E 009° 49' 37"

                  Temperature (°C), Rain (mm), Wind Speed (km/h)

                                      Heat  Cool        Avg
    Mean                              Deg   Deg         Wind                 Dom
Day Temp  High   Time   Low    Time   Days  Days  Rain  Speed High   Time    Dir
----------------------------------------------------------------------------------
 1  12,8  16,4   16:08  10,4   05:51   3,2   0,0   0,0   0,2   6,8   17:51     N
 2  12,6  16,8   14:20   9,3   01:17   3,4   0,0   0,0   0,3   5,4   14:09   SSE
 3  13,6  17,8   14:22  10,3   03:21   2,4   0,0   0,0   0,3   6,1   16:56   ENE
 4  12,9  17,8   14:51  10,1   06:32   3,1   0,0   0,0   1,0  11,5   15:38   NNW
 5  12,2  16,4   13:27   7,2   00:36   3,8   0,0   0,0   2,4  14,0   12:31    NE
 6  16,6  17,5   14:50  11,8   23:49   0,0   0,0   0,0   4,6   8,6   16:31     E
 7  12,0  15,5   12:23   7,6   06:36   4,0   0,0   0,5   1,1   9,0   12:00   NNW
 8  14,2  16,6   14:34  12,5   03:49   1,8   0,0   3,6   1,3  10,8   05:15     N
 9  13,5  14,7   18:33  14,4   19:31   2,5   0,0   0,5   0,0   1,8   19:01    SE
10  13,8  15,9   08:35  10,7   07:23   2,2   0,0   1,5   0,0   3,2   08:35   ---
11  18,1  21,8   16:03  12,1   23:54   0,0   0,0   0,0   2,4  14,8   16:09    SE
12  15,4  22,3   15:09  10,1   03:35   0,6   0,0   0,0   0,9  10,8   14:03    SE
13  14,5  17,6   16:06  11,4   23:45   1,5   0,0   1,0   0,5   7,2   15:45   ESE
14  13,4  16,3   18:08  10,3   02:10   2,6   0,0   5,2   2,1  18,4   13:34    SE
15  14,7  17,3   13:51  11,8   22:38   1,3   0,0   3,1   3,9  18,4   12:55    SE
16  12,6  15,9   13:40  10,6   06:40   3,4   0,0   2,1   2,3  16,2   11:25    SE
17  12,0  15,3   16:11   8,6   23:50   4,0   0,0   1,0   1,3  19,4   15:59    SE
18   9,7  14,5   14:02   4,9   05:24   6,3   0,0   0,5   0,8  11,9   15:32    SE
19   9,7  15,6   16:25   3,3   07:36   6,3   0,0   0,0   1,3  14,4   11:49    SE
20  12,3  17,6   15:41   8,8   06:13   3,7   0,0   0,0   1,7  21,2   13:04    SE
21  12,1  20,8   15:25   5,4   07:08   3,9   0,0   0,0   0,7  14,8   15:01    SE
22  12,3  21,6   15:35   6,1   07:50   3,7   0,0   0,0   0,5  10,4   15:18     S
23  13,5  22,2   15:16   6,9   04:21   2,5   0,0   0,0   0,5  14,0   15:31    SE
24  14,3  19,5   15:20  10,6   04:27   1,7   0,0   0,5   1,6  14,8   13:27    SE
25  11,8  13,6   00:00   9,4   23:43   4,2   0,0   5,7   0,1   5,8   11:45   WNW
26   9,4  13,1   14:48   5,3   23:56   6,6   0,0   0,0   1,2  14,4   16:33    SE
27   8,2  10,5   16:09   5,3   00:00   7,8   0,0  16,6   0,8   9,7   13:24    SE
28  11,0  13,8   14:20   9,3   00:00   5,0   0,0   5,2   0,4   4,3   06:35   ESE
29   9,5  13,0   12:55   6,4   23:53   6,5   0,0   0,0   0,5   7,6   11:31     N
30   8,4  12,6   16:12   3,8   05:59   7,6   0,0   0,0   0,4  10,1   12:27     E
----------------------------------------------------------------------------------
    12,6  22,3    12     3,3    19   105,6   0,0  47,0   1,2  21,2    20     ESE

Max >=  27,0:  0
Max <=   0,0:  0
Min <=   0,0:  0
Min <= -18,0:  0
Max Rain: 16,6 on day 27
Days of Rain: 14 (> 0,2 mm)  7 (> 2,0 mm)  0 (> 20,0 mm)
Heat Base: 16,0  Cool Base: 29,0  Method: Integration

powered by CumulusMX v3.8.3 (b3093) Valid HTML5    Last Cumulus update   12:46:08