NOAA-style Climate Reports

   V/Λ SELECT: Month and Year   OR  >   Month
                   Monthly Climatological Summary for Jul 2010

Name: Jan Kreutzer   City: Bebra   State: Hessen,Germany
Elevation: 250 m  Lat: N 50° 59' 02"   Lon: E 009° 49' 37"

                  Temperature (°C), Rain (mm), Wind Speed (km/h)

                                      Heat  Cool        Avg
    Mean                              Deg   Deg         Wind                 Dom
Day Temp  High   Time   Low    Time   Days  Days  Rain  Speed High   Time    Dir
----------------------------------------------------------------------------------
 1  21,5  29,8   15:18  13,1   05:59   0,0   0,0   0,0   0,6   7,2   18:30   ESE
 2  23,2  32,8   15:12  13,9   05:43   0,0   0,0   0,0   0,7   7,6   15:04   ESE
 3  25,0  34,2   15:22  15,6   05:18   0,0   0,0   0,0   0,1   5,8   15:22   ENE
 4  21,9  25,8   16:22  17,9   06:22   0,0   0,0   0,0   0,5   4,0   17:22   NNE
 5  22,1  28,1   15:31  15,6   03:22   0,0   0,0   0,5   1,5  11,5   13:52   ESE
 6  18,1  22,4   15:04  12,1   23:57   0,0   0,0   2,6   1,4   9,7   15:19   NNW
 7  17,2  26,3   16:18   9,0   05:06   0,0   0,0   0,0   0,8   7,6   17:35   ESE
 8  21,4  30,5   15:56  12,6   05:59   0,0   0,0   0,0   1,1  15,1   15:41    SE
 9  23,2  34,0   14:57  13,3   06:06   0,0   0,0   0,0   0,9  15,8   15:27    SE
10  26,3  35,0   16:19  17,6   06:09   0,0   0,0   0,0   0,1   6,8   14:34     N
11  25,2  32,1   15:16  18,2   05:27   0,0   0,0   0,0   0,1   6,1   14:44   WNW
12  24,7  35,3   15:21  18,8   07:22   0,0   0,0   4,1   1,4  27,7   20:13   ESE
13  22,4  28,6   16:01  17,0   06:12   0,0   0,0   0,0   0,8  14,8   13:21    SE
14  23,9  32,8   15:56  16,9   07:48   0,0   0,0   4,7   1,2  19,8   16:17   SSE
15  21,4  25,8   15:02  15,4   23:40   0,0   0,0   0,5   3,7  16,6   10:02    SE
16  20,8  31,1   16:17  12,1   05:03   0,0   0,0   0,0   1,0  15,5   15:28    SE
17  18,8  21,8   17:23  15,7   06:13   0,0   0,0  14,0   1,2  11,9   18:02    SE
18  17,8  24,9   15:57  13,2   23:56   0,0   0,0   0,0   0,6  10,8   15:08   ESE
19  18,4  27,8   15:34   9,3   06:11   0,0   0,0   0,0   0,8  11,2   17:00   ESE
20  20,1  26,4   18:22  10,9   06:06   0,0   0,0   0,0   3,3  11,5   12:03    SE
21  24,0  33,1   15:26  13,0   06:13   0,0   0,0   0,0   1,1  18,0   14:22    SE
22  21,0  26,8   13:57  18,1   05:57   0,0   0,0   5,7   1,3  10,8   11:55    SE
23  18,9  20,9   14:41  16,9   23:30   0,0   0,0   0,5   0,2   4,0   08:07     E
24  17,9  20,5   14:51  14,4   04:56   0,0   0,0   1,0   0,7  11,2   12:19   NNE
25  20,3  22,5   16:55  16,3   22:03   0,0   0,0   0,0   0,7  11,5   12:08   WNW
26  17,0  22,2   14:26  15,1   23:34   0,0   0,0   3,6   0,5   5,8   14:13    SE
27  17,5  21,6   14:32  13,8   05:23   0,0   0,0   0,5   0,2   8,3   14:29     S
28  20,7  22,3   17:17  18,9   20:37   0,0   0,0   0,0   1,0  10,8   16:20    SE
29  16,5  20,1   15:43  13,3   23:49   0,0   0,0   8,8   0,2   7,6   14:36    SE
30  16,8  20,6   17:48  12,4   06:19   0,0   0,0   0,0   0,7  11,2   18:03    SE
31  20,8  24,9   17:22  24,5   16:41   0,0   0,0   0,0   0,8  10,1   17:24   SSE
----------------------------------------------------------------------------------
    20,8  35,3    12     9,0     7     0,0   0,0  46,5   1,0  27,7    12     ESE

Max >=  27,0: 14
Max <=   0,0:  0
Min <=   0,0:  0
Min <= -18,0:  0
Max Rain: 14,0 on day 17
Days of Rain: 12 (> 0,2 mm)  7 (> 2,0 mm)  0 (> 20,0 mm)
Heat Base: 16,0  Cool Base: 29,0  Method: Integration

powered by CumulusMX v3.8.3 (b3093) Valid HTML5    Last Cumulus update   07:46:19