NOAA-style Climate Reports

   V/Λ SELECT: Month and Year   OR  >   Month
                   Monthly Climatological Summary for Jun 2010

Name: Jan Kreutzer   City: Bebra   State: Hessen,Germany
Elevation: 250 m  Lat: N 50° 59' 02"   Lon: E 009° 49' 37"

                  Temperature (°C), Rain (mm), Wind Speed (km/h)

                                      Heat  Cool        Avg
    Mean                              Deg   Deg         Wind                 Dom
Day Temp  High   Time   Low    Time   Days  Days  Rain  Speed High   Time    Dir
----------------------------------------------------------------------------------
 1  13,6  18,9   13:22  10,1   02:00   2,4   0,0   0,0   0,8  11,5   11:35     E
 2  13,6  17,9   18:51  11,1   05:09   2,4   0,0   0,5   1,0  19,1   14:17   NNE
 3  16,7  22,4   16:16   9,9   05:59   0,0   0,0   0,0   2,7  22,0   08:01     N
 4  15,9  25,2   16:15   6,9   05:43   0,1   0,0   0,0   0,8   9,7   17:00   ESE
 5  19,1  27,9   15:58   7,9   05:30   0,0   0,0   0,0   1,0  19,8   15:30    SE
 6  24,4  28,9   15:14  16,6   08:53   0,0   0,0   1,0   1,2  11,9   15:29   ESE
 7  17,7  21,9   16:33  14,4   23:58   0,0   0,0   2,1   1,6  13,7   12:39    SE
 8  18,1  26,2   15:32   9,9   05:34   0,0   0,0   0,0   1,5  13,3   15:34    SE
 9  21,0  28,8   13:38  13,9   03:49   0,0   0,0   1,6   2,4  15,5   13:27   ESE
10  21,4  28,5   16:19  15,8   05:35   0,0   0,0  12,9   0,8  10,1   17:56    NE
11  20,9  25,6   15:38  16,3   05:53   0,0   0,0  10,4   3,0  20,5   14:02    SE
12  17,4  24,2   15:22  12,1   23:58   0,0   0,0   2,1   0,9  17,6   13:33    SE
13  13,8  18,6   16:26   9,9   06:13   2,2   0,0   0,0   0,7   7,6   12:48   ENE
14  15,9  19,9   16:32  11,3   06:10   0,1   0,0   0,0   1,3  10,8   12:27     N
15  17,4  21,1   14:48  11,1   07:44   0,0   0,0   0,0   1,7  10,1   17:44   NNE
16  13,9  19,3   15:41   7,8   04:15   2,1   0,0   0,0   3,1  19,4   10:58     N
17  15,6  20,6   16:42   7,7   05:49   0,4   0,0   0,0   3,1 116,0   06:40     N
18  18,1  22,6   13:39  11,8   07:40   0,0   0,0   0,0   1,4  14,8   15:26   NNE
19  13,3  18,2   14:28   9,9   23:58   2,7   0,0   0,0   0,9   9,7   09:52   ESE
20  12,2  16,8   15:12   7,2   02:47   3,8   0,0   0,0   0,6  10,1   12:17   NNE
21  11,9  15,9   16:48   7,4   23:59   4,1   0,0   2,1   0,3   5,8   12:08   ENE
22  13,0  22,8   14:26   3,6   05:11   3,0   0,0   0,0   0,9  16,6   12:07    SE
23  15,5  23,6   13:06 -30,0   07:26   0,5   0,0   0,0   0,5   7,6   11:40   ESE
24  17,9  26,9   15:15   8,6   05:55   0,0   0,0   0,0   0,8   7,6   11:52   ESE
25  18,7  27,2   13:36  10,8   05:23   0,0   0,0   0,0   1,1   9,4   19:52     E
26  17,5  24,9   14:09   9,4   05:41   0,0   0,0   0,0   0,7   9,7   15:58   NNE
27  18,9  27,4   15:50   9,6   05:25   0,0   0,0   0,0   1,2   9,0   14:33     N
28  20,9  30,4   16:14  11,5   05:43   0,0   0,0   0,0   0,5   9,4   15:31   ESE
29  21,0  30,4   14:39  13,7   05:54   0,0   0,0   0,0   0,3  10,1   18:13   NNE
30  21,1  27,5   15:12  16,2   05:55   0,0   0,0   0,5   0,4   6,1   14:30   ESE
----------------------------------------------------------------------------------
    17,2  30,4    28   -30,0    23    23,8   0,0  33,2   1,2 116,0    17     ENE

Max >=  27,0:  9
Max <=   0,0:  0
Min <=   0,0:  1
Min <= -18,0:  1
Max Rain: 12,9 on day 10
Days of Rain: 9 (> 0,2 mm)  5 (> 2,0 mm)  0 (> 20,0 mm)
Heat Base: 16,0  Cool Base: 29,0  Method: Integration

powered by CumulusMX v3.10.2 (b3117) Valid HTML5    Last Cumulus update   19:49:29