NOAA-style Climate Reports

   V/Λ SELECT: Month and Year   OR  >   Month
                   Monthly Climatological Summary for Mai 2010

Name: Jan Kreutzer   City: Bebra   State: Hessen,Germany
Elevation: 250 m  Lat: N 50° 59' 02"   Lon: E 009° 49' 37"

                  Temperature (°C), Rain (mm), Wind Speed (km/h)

                                      Heat  Cool        Avg
    Mean                              Deg   Deg         Wind                 Dom
Day Temp  High   Time   Low    Time   Days  Days  Rain  Speed High   Time    Dir
----------------------------------------------------------------------------------
 1  13,8  17,2   17:14   9,9   07:27   2,2   0,0   0,0   1,9  16,2   12:51    SE
 2  11,9  15,2   12:44  10,3   23:48   4,1   0,0   7,3   0,6   6,8   14:25   NNE
 3  11,1  16,5   15:09   9,3   22:18   4,9   0,0   1,0   1,8   8,3   14:59   ESE
 4   9,2  11,3   15:29   5,3   23:52   6,8   0,0   0,0   1,9  15,8   15:14     N
 5   6,9  11,8   15:24   0,4   06:11   9,1   0,0   0,0   3,8  19,1   22:23     N
 6   6,7   9,5   00:00   5,2   23:10   9,3   0,0   8,8   3,4  16,9   08:12     N
 7   6,7   8,7   16:18   5,3   23:44   9,3   0,0   3,6   1,0  11,5   15:48    SE
 8   9,0  14,4   17:11   4,9   06:20   7,0   0,0   0,0   1,4  14,4   11:50    SE
 9   9,2  15,5   14:14   3,9   06:13   6,8   0,0   2,6   0,8  12,6   14:34    SE
10  10,1  13,8   16:10   7,1   00:22   5,9   0,0   0,0   2,1  11,2   20:02   NNE
11  10,4  10,9   13:32   8,4   07:23   5,6   0,0   3,1   2,5  13,7   22:04     N
12  10,0  11,6   16:19   8,5   08:58   6,0   0,0   1,0   1,9  13,0   12:43    SE
13   9,3   9,6   14:59   6,9   07:53   6,7   0,0   0,0   0,2   4,0   16:19     N
14   8,4  10,1   13:20   6,8   06:03   7,6   0,0   0,0   0,5   7,9   09:53     N
15   9,1  10,4   16:35   7,3   07:46   6,9   0,0   0,0   1,1   5,8   13:11     N
16  11,9  15,8   15:53   5,6   23:55   4,1   0,0   0,0   2,1   9,7   12:15     N
17   9,6  17,6   12:50   1,6   06:10   6,4   0,0   0,5   1,1  11,9   10:25    SE
18   9,8  12,7   17:01   7,3   06:37   6,2   0,0   0,5   0,8  11,9   13:12   ENE
19   8,4   9,6   17:32   6,9   07:43   7,6   0,0  23,3   0,4   6,1   13:52    SE
20   9,5  11,6   18:08   7,9   06:13   6,5   0,0  13,5   0,9   5,4   11:47   ESE
21  13,3  21,3   16:21   8,4   03:06   2,7   0,0   0,0   0,7  10,8   13:08   ESE
22  14,1  22,3   15:42   6,1   04:27   1,9   0,0   0,0   1,2  10,4   09:23    NE
23  17,1  24,9   15:07   9,7   05:50   0,0   0,0   0,0   1,0   9,4   10:11     E
24  17,3  26,5   15:12   8,8   05:47   0,0   0,0   0,0   3,4  13,7   10:15    SE
25  16,1  21,1   13:20  11,4   04:46   0,0   0,0   0,0   0,5   9,4   10:58     E
26  12,2  14,4   12:00   9,6   06:30   3,8   0,0   2,6   0,9   9,7   13:04     N
27  13,3  17,3   17:23  10,1   07:08   2,7   0,0   0,5   1,1  12,6   18:06    SE
28  13,5  18,6   17:08   8,8   23:55   2,5   0,0   2,1   0,3   7,6   15:38    SE
29  13,4  21,2   17:01   4,8   05:08   2,6   0,0   0,0   1,1  12,6   11:51    SE
30  13,6  17,4   15:33   7,9   23:56   2,4   0,0  13,0   1,6  15,5   12:16    SE
31  10,5  14,4   12:49   7,1   01:28   5,5   0,0   2,1   0,6   7,6   21:54   ESE
----------------------------------------------------------------------------------
    11,1  26,5    24     0,4     5   153,1   0,0  85,5   1,4  19,1     5     ENE

Max >=  27,0:  0
Max <=   0,0:  0
Min <=   0,0:  0
Min <= -18,0:  0
Max Rain: 23,3 on day 19
Days of Rain: 16 (> 0,2 mm)  11 (> 2,0 mm)  1 (> 20,0 mm)
Heat Base: 16,0  Cool Base: 29,0  Method: Integration

powered by CumulusMX v3.10.2 (b3117) Valid HTML5    Last Cumulus update   21:36:02