NOAA-style Climate Reports

   V/Λ SELECT: Month and Year   OR  >   Month
                   Monthly Climatological Summary for Apr 2010

Name: Jan Kreutzer   City: Bebra   State: Hessen,Germany
Elevation: 250 m  Lat: N 50° 59' 02"   Lon: E 009° 49' 37"

                  Temperature (°C), Rain (mm), Wind Speed (km/h)

                                      Heat  Cool        Avg
    Mean                              Deg   Deg         Wind                 Dom
Day Temp  High   Time   Low    Time   Days  Days  Rain  Speed High   Time    Dir
----------------------------------------------------------------------------------
 1   4,4   9,3   14:04  -0,5   08:56  11,6   0,0   2,1   4,3  29,5   15:28    SE
 2   4,4   9,3   14:04  -0,5   08:56  11,6   0,0   2,1   3,3  29,5   15:28    SE
 3   7,4  12,9   14:42  -0,1   03:23   8,6   0,0   2,6   3,4  21,2   13:32    SE
 4   8,2  13,0   15:37   5,8   23:54   7,8   0,0   2,6   3,3  24,5   15:07    SE
 5   7,9  12,0   16:09   5,1   05:44   8,1   0,0   0,0   0,9  10,4   13:28    SE
 6   8,1  15,0   16:40   1,2   07:02   7,9   0,0   0,0   1,7  17,6   15:15    SE
 7   9,6  18,3   16:26   1,1   07:10   6,4   0,0   0,0   1,0  16,9   12:35    SE
 8   9,0  15,8   16:12   1,7   06:54   7,0   0,0   0,0   0,9  11,2   15:21   ENE
 9   9,3  13,9   13:44   2,8   07:21   6,7   0,0   0,0   1,0  10,1   12:53    NE
10   6,9  10,6   15:20   2,9   07:26   9,1   0,0   0,0   1,1  12,6   18:26   NNW
11   5,6   7,1   16:04   4,4   07:26  10,4   0,0   2,6   3,0  12,2   07:39   NNW
12   6,2   8,2   20:01   5,0   01:38   9,8   0,0   0,5   2,2  16,9   09:40     N
13   9,3  14,4   14:43   3,3   06:59   6,7   0,0   0,5   1,9  11,9   14:24   WNW
14   7,2  12,5   16:27   2,5   06:51   8,8   0,0   3,1   2,0  18,0   11:47     N
15   7,8  10,6   17:03   5,0   02:14   8,2   0,0   0,5   0,5   8,6   13:16   NNW
16   6,6  11,1   16:03   1,8   23:56   9,4   0,0   0,0   1,1  14,0   15:30     N
17   6,4  16,2   16:49  -2,0   06:52   9,6   0,0   0,0   0,8  10,4   14:04    SE
18   8,7  15,3   11:59  -0,4   06:36   7,3   0,0   0,0   1,1   8,3   10:10    SW
19   9,1  16,9   13:32   1,1   06:43   6,9   0,0   0,0   1,0  10,1   12:32   NNE
20   9,3  17,8   14:44   0,6   06:29   6,7   0,0   0,0   2,2  19,8   13:46    SE
21   5,9   9,6   16:32   2,1   05:43  10,1   0,0   1,0   1,6  16,9   18:07   ESE
22   5,2  13,1   15:53  -2,6   06:36  10,8   0,0   0,0   1,0  15,1   16:04   ESE
23   7,1  16,3   14:48  -1,9   06:18   8,9   0,0   0,0   1,1   8,6   08:44     N
24  10,6  20,4   15:49   0,1   06:10   5,4   0,0   0,0   0,8   8,6   17:21   NNE
25  14,2  23,5   15:39   3,6   06:14   1,8   0,0   0,0   1,4  16,9   12:46    SE
26  13,1  18,1   14:25   8,7   02:15   2,9   0,0   0,5   1,0  13,0   11:26    SE
27  12,3  17,8   14:44   5,6   06:16   3,7   0,0   0,0   1,0  11,9   18:09   NNE
28  15,9  21,8   16:26   9,4   23:57   0,1   0,0   0,0   0,9  13,0   14:11    SE
29  15,3  25,6   15:03   5,9   06:27   0,7   0,0   0,0   1,8  16,6   16:09    SE
30  16,6  21,3   13:34  12,0   07:13   0,0   0,0   0,0   2,7  23,0   13:53    SE
----------------------------------------------------------------------------------
     8,9  25,6    29    -2,6    22   213,0   0,0  18,1   1,6  29,5     1     ESE

Max >=  27,0:  0
Max <=   0,0:  0
Min <=   0,0:  7
Min <= -18,0:  0
Max Rain: 3,1 on day 14
Days of Rain: 11 (> 0,2 mm)  6 (> 2,0 mm)  0 (> 20,0 mm)
Heat Base: 16,0  Cool Base: 29,0  Method: Integration

powered by CumulusMX v3.8.3 (b3093) Valid HTML5    Last Cumulus update   09:20:19