NOAA-style Climate Reports

   V/Λ SELECT: Month and Year   OR  >   Month
                   Monthly Climatological Summary for Mrz 2010

Name: Jan Kreutzer   City: Bebra   State: Hessen,Germany
Elevation: 250 m  Lat: N 50° 59' 02"   Lon: E 009° 49' 37"

                  Temperature (°C), Rain (mm), Wind Speed (km/h)

                                      Heat  Cool        Avg
    Mean                              Deg   Deg         Wind                 Dom
Day Temp  High   Time   Low    Time   Days  Days  Rain  Speed High   Time    Dir
----------------------------------------------------------------------------------
 1   4,1   8,9   13:56  -1,8   23:41  11,9   0,0   0,0   2,7  18,4   13:09   SSE
 2   0,3  10,4   15:23  -4,9   07:09  15,7   0,0   0,0   0,7  16,9   14:13    SE
 3   0,7  13,4   15:23  -4,7   01:08  15,3   0,0   0,0   0,9  13,0   10:15     E
 4  -1,8   6,4   15:36  -7,1   23:51  17,8   0,0   0,0   1,3  16,2   10:41     N
 5  -2,2   8,6   15:33  -8,7   02:36  18,2   0,0   0,0   1,7  17,6   22:22   ESE
 6  -2,8   2,8   15:35 -10,7   22:43  18,8   0,0   0,0   2,7  22,0   12:35     N
 7  -4,9   8,5   15:23 -12,2   23:56  20,9   0,0   0,0   0,6   6,5   12:30     N
 8  -5,8   6,8   12:58 -15,1   05:41  21,8   0,0   0,0   0,4   8,3   15:21   NNE
 9  -5,1   7,1   15:18 -11,3   04:44  21,1   0,0   0,0   1,6  17,3   12:42   NNE
10  -2,8   9,1   15:21 -11,2   04:37  18,8   0,0   0,0   3,4  20,5   15:34     N
11  -1,6   7,9   15:29  -6,9   06:04  17,6   0,0   0,0   1,1  11,2   11:42     N
12   2,0   7,6   12:50  -1,7   00:00  14,0   0,0   0,5   0,6   5,8   21:00    SE
13   3,3   5,9   11:17   1,4   06:15  12,7   0,0   0,0   0,7   8,6   08:34   SSE
14   3,6   7,1   12:57   1,3   23:58  12,4   0,0   4,1   1,3  24,5   13:12    SE
15   3,3   7,5   11:36  -0,2   06:11  12,7   0,0   2,6   1,0  12,6   14:15   SSE
16   5,1  11,2   14:18   2,1   06:35  10,9   0,0   1,0   0,7  14,4   12:55    NE
17   6,5  16,9   15:23   0,2   23:55   9,5   0,0   0,0   1,6  16,6   13:22   SSE
18   6,8  23,4   15:23  -2,7   06:43   9,2   0,0   0,0   1,8  19,1   11:32   SSE
19   9,9  19,3   15:11   1,8   02:21   6,1   0,0   0,0   2,5  22,0   13:03   SSE
20  11,4  17,9   15:09   7,6   05:24   4,6   0,0   1,0   3,1  20,5   11:54   SSE
21  10,6  13,8   14:08   5,0   23:59   5,4   0,0   8,3   1,3  15,1   11:12    SE
22   7,4  14,2   14:12   1,5   23:33   8,6   0,0   0,0   0,4   8,6   11:14   SSE
23   7,6  19,4   14:56   0,6   23:56   8,4   0,0   0,0   1,1  13,3   14:35    SE
24   8,3  23,0   15:34  -0,6   06:20   7,7   0,0   0,0   0,8  13,7   13:36    SE
25  10,8  25,1   15:55  -0,7   06:12   5,2   0,0   0,0   1,1  16,6   13:59    SE
26  10,4  23,6   13:56   4,1   02:59   5,6   0,0   8,8   1,1  23,0   15:28    SE
27   7,7  13,0   13:47   2,6   21:55   8,3   0,0   0,5   1,6  15,5   07:15   SSE
28   7,9  16,2   16:00   3,8   03:32   8,1   0,0   0,0   1,9  20,5   16:00   SSE
29   9,1  15,2   16:04   5,0   23:49   6,9   0,0   5,2   0,9  12,2   11:21   SSE
30  11,5  23,1   16:50   3,6   03:38   4,5   0,0   7,3   1,4  24,1   14:42   SSE
31   7,9  23,1   15:35   2,3   05:39   8,1   0,0   1,0   4,3  33,8   10:46   SSE
----------------------------------------------------------------------------------
     4,2  25,1    25   -15,1     8   366,8   0,0  40,3   1,5  33,8    31      SE

Max >=  27,0:  0
Max <=   0,0:  0
Min <=   0,0: 16
Min <= -18,0:  0
Max Rain: 8,8 on day 26
Days of Rain: 11 (> 0,2 mm)  6 (> 2,0 mm)  0 (> 20,0 mm)
Heat Base: 16,0  Cool Base: 29,0  Method: Integration

powered by CumulusMX v3.8.3 (b3093) Valid HTML5    Last Cumulus update   13:55:08