NOAA-style Climate Reports

   V/Λ SELECT: Month and Year   OR  >   Month
                   Monthly Climatological Summary for Feb 2010

Name: Jan Kreutzer   City: Bebra   State: Hessen,Germany
Elevation: 250 m  Lat: N 50° 59' 02"   Lon: E 009° 49' 37"

                  Temperature (°C), Rain (mm), Wind Speed (km/h)

                                      Heat  Cool        Avg
    Mean                              Deg   Deg         Wind                 Dom
Day Temp  High   Time   Low    Time   Days  Days  Rain  Speed High   Time    Dir
----------------------------------------------------------------------------------
 1  -1,8   0,2   12:11  -4,1   03:16  17,8   0,0   0,0   0,0   0,0   00:00   ---
 2  -2,0   1,1   23:55  -8,1   06:36  18,0   0,0   0,5   4,4  23,4   23:36   SSE
 3  -0,3   7,4   15:31  -6,9   22:18  16,3   0,0   4,7   1,1  18,0   00:14    SE
 4   0,5   6,7   15:00  -5,7   00:52  15,5   0,0   3,1   0,0   6,1   15:31    SE
 5   1,8   5,2   13:39  -1,5   07:50  14,2   0,0   0,5   0,2   7,6   04:43     S
 6   1,6   4,8   14:31   0,4   00:00  14,4   0,0   0,5   0,1   3,6   21:07    NE
 7  -1,5   1,3   01:02  -6,1   21:32  17,5   0,0   0,0   1,0   9,0   09:32     N
 8  -5,4  -3,3   13:00  -7,9   23:53  21,4   0,0   0,0   1,5  13,7   19:15     N
 9  -6,7  -2,9   11:40 -11,3   04:43  22,7   0,0   0,0   0,4   8,3   13:25    NE
10  -5,2  -0,1   12:23  -7,2   07:49  21,2   0,0   0,0   0,4  40,0   10:44    NE
11  -4,0  -0,7   13:15  -6,7   03:47  20,0   0,0   0,0   1,9  11,5   12:08     N
12  -2,1   1,3   12:05  -5,6   23:16  18,1   0,0   0,0   1,3  16,6   12:25     N
13 -10,6  -7,9   10:24 -13,6   08:24  26,6   0,0   0,0   0,1   0,0   00:24     E
14  -6,4   1,2   14:24 -11,5   02:24  22,4   0,0   0,0   0,1   4,7   14:24     N
15  -3,2   0,1   15:09  -5,4   21:14  19,2   0,0   0,0   0,5   8,3   15:53    SE
16  -3,5   5,9   15:22 -11,6   23:54  19,5   0,0   0,5   0,5   7,6   11:51    SE
17  -4,3   6,6   14:45 -14,4   07:07  20,3   0,0   1,0   0,4   7,2   11:18     E
18   1,4   5,6   15:15  -3,6   23:41  14,6   0,0   0,5   0,4  14,4   16:49    SE
19  -0,3   4,2   15:12  -4,2   02:47  16,3   0,0   3,1   0,0   3,6   11:00     E
20  -2,0   1,0   18:02  -4,7   23:59  18,0   0,0   0,0   0,6   2,2   19:57    SW
21  -0,3   7,3   15:18  -5,4   02:31  16,3   0,0   0,5   0,4   9,7   15:34   SSE
22   1,8   5,8   22:35  -3,4   02:18  14,2   0,0   0,5   0,8  11,5   11:39   SSE
23   3,9   6,6   13:15   0,9   22:45  12,1   0,0   8,3   0,3   7,6   01:28   NNE
24   3,1  10,1   14:45  -0,2   22:51  12,9   0,0   1,0   0,1   9,7   10:36    NE
25   5,2  10,7   14:21   0,9   00:00  10,8   0,0   3,1   1,3  18,4   10:38    SE
26   6,6  12,4   14:59   3,1   21:52   9,4   0,0   3,1   2,5  21,6   14:03    SE
27   4,5  13,4   15:23  -0,9   07:20  11,5   0,0   0,5   2,4  27,0   11:39   SSE
28   7,1  12,1   14:19   2,3   00:13   8,9   0,0  10,4   5,7  38,5   16:06   SSE
----------------------------------------------------------------------------------
    -0,8  13,4    27   -14,4    17   470,1   0,0  41,8   1,0  40,0    10      SE

Max >=  27,0:  0
Max <=   0,0:  5
Min <=   0,0: 23
Min <= -18,0:  0
Max Rain: 10,4 on day 28
Days of Rain: 17 (> 0,2 mm)  7 (> 2,0 mm)  0 (> 20,0 mm)
Heat Base: 16,0  Cool Base: 29,0  Method: Integration

powered by CumulusMX v3.8.3 (b3093) Valid HTML5    Last Cumulus update   09:05:19