NOAA-style Climate Reports

   V/Λ SELECT: Month and Year   OR  >   Month
                   Monthly Climatological Summary for Jan 2010

Name: Jan Kreutzer   City: Bebra   State: Hessen,Germany
Elevation: 250 m  Lat: N 50° 59' 02"   Lon: E 009° 49' 37"

                  Temperature (°C), Rain (mm), Wind Speed (km/h)

                                      Heat  Cool        Avg
    Mean                              Deg   Deg         Wind                 Dom
Day Temp  High   Time   Low    Time   Days  Days  Rain  Speed High   Time    Dir
----------------------------------------------------------------------------------
 7  -9,3  59,9   13:27 -18,9   16:48  25,3   0,0   0,0  ----   2,5   12:46   ---
 8  -8,4   0,5   10:56 -18,0   08:51  24,4   0,0   0,0  ----  19,4   22:39   ---
 9  -3,2  -2,1   12:18  -4,9   00:00  19,2   0,0   0,0  ----  20,9   10:54   ---
10  -3,2  -1,7   11:52  -3,9   05:48  19,2   0,0  35,4  ----   9,4   00:16   ---
11  -4,2  -1,7   11:46  -5,7   23:42  20,2   0,0   0,0  ----   5,0   14:46   ---
12  -5,3  -1,8   12:48 -10,2   23:54  21,3   0,0   0,0  ----   6,1   20:37   ---
13  -6,7  -3,1   23:09 -11,0   00:44  22,7   0,0   0,0  ----  10,4   06:11   ---
14  -1,1   1,6   12:58  -3,3   00:07  17,1   0,0   0,0  ----   4,0   10:02   ---
15  -0,8   0,8   12:38  -1,8   23:34  16,8   0,0   0,0  ----   7,6   08:43   ---
16  -1,9   0,2   12:49  -3,4   17:44  17,9   0,0   0,0  ----  10,4   13:08   ---
17  -1,9   0,2   12:49  -3,4   17:44  17,9   0,0   0,0  ----  10,4   13:08   ---
18   2,5   5,5   12:12   0,0   00:00  13,5   0,0   1,0  ----   3,2   22:10   ---
19   1,7   4,3   11:49   0,9   08:02  14,3   0,0   2,6  ----   4,7   13:27   ---
20   1,6   4,3   13:16   0,4   07:36  14,4   0,0   0,0  ----   4,7   20:03   ---
21  -1,1   1,2   00:00  -3,2   21:01  17,1   0,0   0,0  ----   7,9   04:10   ---
22  -3,8  -2,4   13:46  -4,7   08:16  19,8   0,0   0,0  ----   6,5   09:38   ---
23  -3,9  -2,9   10:55  -4,7   00:59  19,9   0,0   0,0  ----   9,0   16:44   ---
24  -3,0  -1,6   12:18  -3,8   00:27  19,0   0,0   0,0  ----  11,5   11:16   ---
25  -3,0   0,4   13:04  -5,1   23:55  19,0   0,0   0,0  ----   7,2   17:21   ---
26  -7,7  -3,2   15:17 -16,8   23:55  23,7   0,0   0,0  ----   7,9   01:40   ---
27 -10,3  -4,2   23:54 -18,2   03:23  26,3   0,0   0,0  ----  19,1   19:46   ---
28  -0,4   3,2   13:22  -4,2   00:00  16,4   0,0   0,5  ----  13,7   01:01   ---
29   0,1   1,8   11:53  -1,9   02:27  15,9   0,0   1,6  ----  21,2   12:14   ---
30  -2,5   1,8   13:10  -6,9   06:46  18,5   0,0   0,0  ----   0,0   00:00   ---
31  -4,5   2,7   15:25 -10,6   04:16  20,5   0,0   0,5  ----   0,0   00:00   ---
----------------------------------------------------------------------------------
    -3,2  59,9     7   -18,9     7   480,3   0,0  41,6  ----  21,2    29     ---

Max >=  27,0:  1
Max <=   0,0: 10
Min <=   0,0: 23
Min <= -18,0:  3
Max Rain: 35,4 on day 10
Days of Rain: 6 (> 0,2 mm)  2 (> 2,0 mm)  1 (> 20,0 mm)
Heat Base: 16,0  Cool Base: 29,0  Method: Integration

powered by CumulusMX v3.10.2 (b3117) Valid HTML5    Last Cumulus update   21:11:29