NOAA-style Climate Reports

   V/Λ SELECT: Month and Year   OR  >   Month
                   Annual Climatological Summary for 2010

Name: Wetterstation Bebra-Gilfershausen   City: Bebra   State: Hessen,Germany
Elevation: 250 m  Lat: N 50° 59' 02"   Lon: E 009° 49' 37"

                  Temperature (°C), Heat Base: 18,0  Cool Base: 29,0
                          Dep.  Heat  Cool                       Max  Max  Min  Min
        Mean  Mean        From  Deg   Deg                        >=   <=   <=   <=
 YR MO  Max   Min   Mean  Norm  Days  Days  Hi  Date  Low  Date 27,0  0,0  0,0 -18,0
------------------------------------------------------------------------------------
 10  1   2,5  -6,5  -3,2  -1,2   530     0  59,9   7 -18,9    7    1   10   23    3
 10  2   4,1  -5,1  -0,8  -0,8   526     0  13,4  27 -14,4   17    0    5   23    0
 10  3  13,4  -1,9   4,2   1,7   428     0  25,1  25 -15,1    8    0    0   16    0
 10  4  14,9   2,8   8,9   1,4   272     0  25,6  29  -2,6   22    0    0    7    0
 10  5  15,3   7,1  11,1  -1,4   212     0  26,5  24   0,4    5    0    0    0    0
 10  6  23,7   9,4  17,2   1,7    51     0  30,4  28 -30,0   23    9    0    1    1
 10  7  27,1  15,0  20,8   3,3     5     0  35,3  12   9,0    7   14    0    0    0
 10  8  20,8  13,0  16,6  -0,4    54     0  29,1  22   8,2   30    2    0    0    0
 10  9  16,7   8,8  12,6  -0,4   163     0  22,3  12   3,3   19    0    0    0    0
 10 10  12,3   4,3   8,0   0,0   310     0  19,6   3  -1,0   26    0    0    4    0
 10 11   7,2   3,1   5,2   2,2   383     0  17,0   4 -16,2   26    0    4    5    0
 10 12  -1,1  -6,1  -2,9  -3,0   648     0   4,3  11 -17,1   14    0   20   30    0
------------------------------------------------------------------------------------
        13,1   3,7   8,1   0,3  3586     0  59,9 Jan -30,0  Jun   26   39  109    4

                                Precipitation (mm)

              Dep.   Max        Days of Rain
              From   Obs.          Over
 YR MO Total  Norm   Day Date  0,2  2,0 20,0
---------------------------------------------
 10  1  41,6 -16,4  35,4  10     6    2    1
 10  2  41,8  -8,2  82,9  25    17    7    0
 10  3  40,3 -13,7   8,8  26    11    6    0
 10  4  18,1 -56,9  11,4  28    11    6    0
 10  5  85,5  -9,5  23,3  19    16   11    1
 10  6  33,2 -74,8  15,5  30     9    5    0
 10  7  46,5 -41,5  24,9  13    12    7    0
 10  8 140,7  47,7  24,9  17    21   14    1
 10  9  47,0 -11,0  22,8  11    14    7    0
 10 10  30,9 -23,1  18,7  12    10    4    0
 10 11  57,5  -3,5   8,8  15    17   10    0
 10 12  20,6 -31,4   9,9   5     6    3    0
---------------------------------------------
       603,7-242,3  82,9  Feb  150   82    3

                                Wind Speed (km/h)
                          Dom
 YR MO   Avg.  Hi   Date  Dir
------------------------------
 10  1  ----  21,2   29     E
 10  2   1,0  40,0   10    SE
 10  3   1,5  33,8   31    SE
 10  4   1,6  29,5    1   ESE
 10  5   1,4  19,1    5   ENE
 10  6   1,2 116,0   17   ENE
 10  7   1,0  27,7   12    SE
 10  8   1,0  19,1    1    SE
 10  9   1,2  21,2   20   ESE
 10 10   1,2  27,4   19   ESE
 10 11   2,1  41,0   11    SE
 10 12   1,3  93,0   13     N
------------------------------
         1,3 116,0  Jun     W

powered by CumulusMX v3.8.3 (b3093) Valid HTML5    Last Cumulus update   07:55:19