NOAA-style Climate Reports

   V/Λ SELECT: Month and Year   OR  >   Month
                   Monthly Climatological Summary for Oct 2020

Name: Wetterstation Bebra-Gilfershausen   City: Bebra   State: Germany
Elevation: 238 m  Lat: N 50°° 59' 02"   Lon: E 009°° 49' 36"

                  Temperature (°°C), Rain (mm), Wind Speed (km/h)

                                      Heat  Cool        Avg
    Mean                              Deg   Deg         Wind                 Dom
Day Temp  High   Time   Low    Time   Days  Days  Rain  Speed High   Time    Dir
----------------------------------------------------------------------------------
01  11.9  18.3   15:54   4.8   06:50   6.1   0.0   0.3   1.1  29.0   12:43    NE
02  14.0  20.6   15:24   7.2   07:28   4.3   0.0  29.7   4.1  48.0   16:21     W
03  13.0  20.0   13:42   4.6   23:55   5.0   0.0   0.0   5.3  51.0   14:46   WNW
04   9.4  14.5   15:02   3.2   02:56   8.6   0.0   0.0   4.7  64.0   06:28   NNE
05   9.7  15.1   13:54   4.7   03:43   8.3   0.0   0.6   3.3  41.0   12:22   NNE
06  10.9  12.5   10:30   9.4   23:34   7.0   0.0   5.1   3.5  37.0   11:14   NNE
07  10.9  15.5   15:05   9.4   00:54   7.1   0.0   1.5   1.0  42.0   12:48   NNE
08  10.5  13.9   17:22   4.6   05:24   7.5   0.0   1.2   2.9  37.0   13:30    NE
09  12.1  14.4   02:08   9.1   22:57   5.8   0.0  10.2   0.6  24.0   18:30    NE
10   8.8  13.6   14:50   2.5   23:36   9.2   0.0   0.0   1.3  31.0   13:47   NNE
11   7.4  14.2   14:37   2.8   00:48  10.6   0.0   0.0   0.9  26.0   13:43     N
12   7.9  15.1   15:27   4.4   22:27  10.1   0.0   3.3   0.5  20.0   12:39   NNW
13   7.2  12.3   13:40   4.0   23:48  10.8   0.0   0.0   0.7  29.0   18:16     W
14   6.4   8.6   11:46   3.7   00:49  11.2   0.0   4.2   0.8  22.0   23:03   WSW
15   8.2   9.7   14:01   6.9   00:32   9.8   0.0   0.6   3.3  31.0   11:42     W
16   7.9   9.4   11:49   6.5   23:45  10.1   0.0   0.6   2.4  35.0   11:44     W
17   6.7   9.1   15:50   5.1   06:50  11.3   0.0   0.3   0.2  11.0   11:10   NNW
18   7.3  12.3   15:43   4.0   06:34  10.7   0.0   0.0   0.9  26.0   14:24   NNE
19   7.5  14.7   14:31   0.9   23:35  10.5   0.0   0.6   0.8  28.0   14:11   NNE
20   5.7  13.3   15:37  -1.4   06:43  12.3   0.0   0.3   0.3  20.0   12:58    NE
21  12.4  18.3   14:43   8.1   01:12   5.6   0.0   0.0   1.6  37.0   15:01   NNE
22  13.2  20.1   14:08   8.0   07:53   4.8   0.0   0.0   1.7  41.0   15:46   NNE
23  13.0  14.7   11:38  11.1   00:00   4.9   0.0   3.3   0.2  22.0   12:19   NNE
24  12.2  16.8   13:05   8.6   03:27   5.8   0.0   0.3   3.0  38.0   14:02   NNE
25  12.5  16.2   11:56   9.1   06:17   5.7   0.0  27.9   3.6  50.0   20:06   NNE
26   8.9  10.5   11:35   6.0   23:37   9.1   0.0   5.1   0.5  18.0   13:44    NE
----------------------------------------------------------------------------------
     9.8  20.6     2    -1.4    20   212.2   0.0  95.1   1.9  64.0     4       N

Max >=  27.0  0
Max <=   0.0  0
Min <=   0.0  1
Min <= -18.0  0
Max Rain: 29.7 on day 2
Days of Rain: 8 (>= 2.0 mm)  8 (>= 2.0 mm)  8 (>= 2.0 mm)
Heat Base: 18.0  Cool Base: 29.0  Method: Integration

powered by CumulusMX v3.8.3 (b3093) Valid HTML5    Last Cumulus update   11:19:02