NOAA Climate Reports

Select a Year or Month report

Report for 2019 Feb
                   Monthly Climatological Summary for Feb 2019

Name: Wetterstation Bebra-Gilfershausen   City: Bebra   State: Germany
Elevation: 250 m  Lat: N 50 59 02   Lon: E 009 49 37

                  Temperature (°C), Rain (mm), Wind Speed (km/h)

                                      Heat  Cool        Avg
    Mean                              Deg   Deg         Wind                 Dom
Day Temp  High   Time   Low    Time   Days  Days  Rain  Speed High   Time    Dir
----------------------------------------------------------------------------------
02   2,7   5,8   00:19   1,4   09:20  12,4   0,0   1,6   0,0   0,0   00:00     N
03   1,6   2,7   16:20   0,6   23:20  16,4   0,0   8,2   0,0   0,0   00:20     N
04   0,2   4,3   14:20  -3,2   07:20  17,8   0,0   0,0   0,0   0,0   00:20     N
05   1,4   4,4   16:20  -1,8   23:20  16,6   0,0   0,0   0,0   0,0   00:20     N
06   0,1   6,2   15:20  -3,1   05:20  17,9   0,0   0,0   0,0   0,0   00:20     N
07   1,3   3,2   21:20  -1,5   00:20  16,7   0,0   0,0   0,0   0,0   00:20     N
08   5,0   7,1   16:20   1,4   00:20  13,0   0,0   0,0   0,0   0,0   00:20     N
09   6,9   9,9   13:20   5,3   05:20  11,3   0,0   2,1   0,0   0,0   00:20     N
10   6,2   8,6   16:20   3,8   02:46  12,3   0,0  15,5   0,0   0,0   00:00     N
11   3,8   5,6   14:45   1,3   22:06  14,2   0,0   0,5   0,0   0,0   00:00     N
12   3,7   5,9   14:48   1,3   23:48  14,9   0,0   0,0   0,0   0,0   00:00     N
13   3,7   9,0   15:09   0,3   18:10  14,3   0,0   0,0   0,0   0,0   00:00     N
14   2,1   9,4   15:32  -1,3   08:32  15,8   0,0   0,0   0,0   0,0   00:00     N
15   2,1  11,5   15:17  -3,1   07:47  15,8   0,0   0,0   0,0   0,0   00:00     N
16   2,7  13,4   15:06  -3,7   07:06  15,3   0,0   0,0   0,0   0,0   00:00     N
17   3,0  13,8   15:01  -3,1   07:51  15,0   0,0   0,0   0,0   0,0   00:00     N
18   2,8  12,8   15:09  -3,1   07:37  15,2   0,0   0,0   0,0   0,0   00:00     N
19   3,3  10,4   15:56  -1,4   04:07  14,7   0,0   0,0   0,0   0,0   00:00     N
----------------------------------------------------------------------------------
     2,9  13,8    17    -3,7    16   269,6   0,0  27,9   0,0   0,0     0       E

Max >=  27,0  0
Max <=   0,0  0
Min <=   0,0 10
Min <= -18,0  0
Max Rain: 15,5 on day 10
Days of Rain: 3 (>= 2,0 mm)  3 (>= 2,0 mm)  3 (>= 2,0 mm)
Heat Base: 18,0  Cool Base: 29,0  Method: Integration